CRAN Package Check Results for Package roll

Last updated on 2020-09-27 20:47:45 CEST.

Flavor Version Tinstall Tcheck Ttotal Status Flags
r-devel-linux-x86_64-debian-clang 1.1.6 59.05 28.76 87.81 NOTE
r-devel-linux-x86_64-debian-gcc 1.1.6 47.96 22.60 70.56 NOTE
r-devel-linux-x86_64-fedora-clang 1.1.6 130.57 NOTE
r-devel-linux-x86_64-fedora-gcc 1.1.6 120.85 NOTE
r-devel-windows-ix86+x86_64 1.1.6 136.00 82.00 218.00 NOTE
r-patched-linux-x86_64 1.1.6 55.92 28.35 84.27 NOTE
r-patched-solaris-x86 1.1.6 114.00 NOTE
r-release-linux-x86_64 1.1.6 60.27 28.63 88.90 NOTE
r-release-macos-x86_64 1.1.6 NOTE
r-release-windows-ix86+x86_64 1.1.6 115.00 77.00 192.00 NOTE
r-oldrel-macos-x86_64 1.1.6 NOTE
r-oldrel-windows-ix86+x86_64 1.1.6 127.00 73.00 200.00 NOTE

Check Details

Version: 1.1.6
Check: for GNU extensions in Makefiles
Result: NOTE
    GNU make is a SystemRequirements.
Flavors: r-devel-linux-x86_64-debian-clang, r-devel-linux-x86_64-debian-gcc, r-devel-linux-x86_64-fedora-clang, r-devel-linux-x86_64-fedora-gcc, r-devel-windows-ix86+x86_64, r-patched-linux-x86_64, r-patched-solaris-x86, r-release-linux-x86_64, r-release-macos-x86_64, r-release-windows-ix86+x86_64, r-oldrel-macos-x86_64, r-oldrel-windows-ix86+x86_64

Version: 1.1.6
Check: installed package size
Result: NOTE
     installed size is 6.6Mb
     sub-directories of 1Mb or more:
     libs 6.4Mb
Flavors: r-devel-linux-x86_64-fedora-clang, r-release-macos-x86_64, r-oldrel-macos-x86_64