CRAN Package Check Results for Package rollinglda

Last updated on 2024-07-20 19:53:00 CEST.

Flavor Version Tinstall Tcheck Ttotal Status Flags
r-devel-linux-x86_64-debian-clang 0.1.3 12.37 137.44 149.81 OK
r-devel-linux-x86_64-debian-gcc 0.1.3 8.19 102.68 110.87 OK
r-devel-linux-x86_64-fedora-clang 0.1.3 192.30 NOTE
r-devel-linux-x86_64-fedora-gcc 0.1.3 175.36 NOTE
r-devel-windows-x86_64 0.1.3 17.00 113.00 130.00 NOTE
r-patched-linux-x86_64 0.1.3 16.32 132.24 148.56 OK
r-release-linux-x86_64 0.1.3 9.40 130.41 139.81 OK
r-release-macos-arm64 0.1.3 63.00 OK
r-release-macos-x86_64 0.1.3 90.00 OK
r-release-windows-x86_64 0.1.3 14.00 114.00 128.00 OK
r-oldrel-macos-arm64 0.1.3 59.00 OK
r-oldrel-macos-x86_64 0.1.3 158.00 OK
r-oldrel-windows-x86_64 0.1.3 16.00 138.00 154.00 OK

Check Details

Version: 0.1.3
Check: data for non-ASCII characters
Result: NOTE Note: found 261 marked UTF-8 strings Flavors: r-devel-linux-x86_64-fedora-clang, r-devel-linux-x86_64-fedora-gcc

Version: 0.1.3
Check: Rd cross-references
Result: NOTE Found the following Rd file(s) with Rd \link{} targets missing package anchors: RollingLDA.Rd: LDA updateRollingLDA.Rd: LDA Please provide package anchors for all Rd \link{} targets not in the package itself and the base packages. Flavor: r-devel-windows-x86_64