CRAN Package Check Results for Package rootSolve

Last updated on 2019-10-14 04:46:33 CEST.

Flavor Version Tinstall Tcheck Ttotal Status Flags
r-devel-linux-x86_64-debian-clang 1.7 11.49 46.11 57.60 OK
r-devel-linux-x86_64-debian-gcc 1.7 10.07 36.47 46.54 OK
r-devel-linux-x86_64-fedora-clang 1.7 77.49 NOTE
r-devel-linux-x86_64-fedora-gcc 1.7 72.20 NOTE
r-devel-windows-ix86+x86_64 1.7 40.00 72.00 112.00 OK
r-patched-linux-x86_64 1.7 11.39 45.30 56.69 OK
r-patched-solaris-x86 1.7 104.00 OK
r-release-linux-x86_64 1.7 11.32 45.63 56.95 OK
r-release-windows-ix86+x86_64 1.7 33.00 99.00 132.00 OK
r-release-osx-x86_64 1.7 OK
r-oldrel-windows-ix86+x86_64 1.7 32.00 70.00 102.00 OK
r-oldrel-osx-x86_64 1.7 OK

Additional issues

LTO rchk

Check Details

Version: 1.7
Check: compiled code
Result: NOTE
    File ‘rootSolve/libs/rootSolve.so’:
     Found no calls to: ‘R_registerRoutines’, ‘R_useDynamicSymbols’
    
    It is good practice to register native routines and to disable symbol
    search.
    
    See ‘Writing portable packages’ in the ‘Writing R Extensions’ manual.
Flavors: r-devel-linux-x86_64-fedora-clang, r-devel-linux-x86_64-fedora-gcc