CRAN Package Check Results for Package rosetta

Last updated on 2022-06-27 18:49:12 CEST.

Flavor Version Tinstall Tcheck Ttotal Status Flags
r-devel-linux-x86_64-debian-clang 0.3.9 16.22 121.98 138.20 WARN
r-devel-linux-x86_64-debian-gcc 0.3.9 12.73 89.47 102.20 WARN
r-devel-linux-x86_64-fedora-clang 0.3.9 170.61 WARN
r-devel-linux-x86_64-fedora-gcc 0.3.9 179.45 WARN
r-devel-windows-x86_64 0.3.9 47.00 152.00 199.00 WARN
r-patched-linux-x86_64 0.3.9 19.78 113.26 133.04 WARN
r-release-linux-x86_64 0.3.9 13.04 112.33 125.37 WARN
r-release-macos-arm64 0.3.9 46.00 NOTE
r-release-macos-x86_64 0.3.9 78.00 NOTE
r-release-windows-x86_64 0.3.9 57.00 150.00 207.00 WARN
r-oldrel-macos-arm64 0.3.9 44.00 NOTE
r-oldrel-macos-x86_64 0.3.9 62.00 NOTE
r-oldrel-windows-ix86+x86_64 0.3.9 32.00 147.00 179.00 WARN

Check Details

Version: 0.3.9
Check: for code/documentation mismatches
Result: WARN
    Codoc mismatches from documentation object 'recode':
    recode
     Code: function(var, recodes, as.factor, as.numeric = TRUE, levels,
     to.value = "=", interval = ":", separator = ";")
     Docs: function(var, recodes, as.factor, as.numeric = TRUE, levels)
     Argument names in code not in docs:
     to.value interval separator
Flavors: r-devel-linux-x86_64-debian-clang, r-devel-linux-x86_64-debian-gcc, r-devel-linux-x86_64-fedora-clang, r-devel-linux-x86_64-fedora-gcc, r-devel-windows-x86_64, r-patched-linux-x86_64, r-release-linux-x86_64, r-release-windows-x86_64, r-oldrel-windows-ix86+x86_64

Version: 0.3.9
Check: dependencies in R code
Result: NOTE
    Namespaces in Imports field not imported from:
     ‘diptest’ ‘methods’ ‘viridis’
     All declared Imports should be used.
Flavors: r-devel-linux-x86_64-fedora-clang, r-devel-linux-x86_64-fedora-gcc, r-release-macos-arm64, r-release-macos-x86_64, r-oldrel-macos-arm64, r-oldrel-macos-x86_64