CRAN Package Check Results for Package rotl

Last updated on 2024-07-12 19:55:13 CEST.

Flavor Version Tinstall Tcheck Ttotal Status Flags
r-devel-linux-x86_64-debian-clang 3.1.0 7.48 85.95 93.43 NOTE
r-devel-linux-x86_64-debian-gcc 3.1.0 5.84 62.82 68.66 NOTE
r-devel-linux-x86_64-fedora-clang 3.1.0 115.50 NOTE
r-devel-linux-x86_64-fedora-gcc 3.1.0 122.32 NOTE
r-devel-windows-x86_64 3.1.0 8.00 86.00 94.00 NOTE
r-patched-linux-x86_64 3.1.0 8.00 81.46 89.46 NOTE
r-release-linux-x86_64 3.1.0 8.29 80.91 89.20 NOTE
r-release-macos-arm64 3.1.0 45.00 NOTE
r-release-macos-x86_64 3.1.0 61.00 NOTE
r-release-windows-x86_64 3.1.0 9.00 86.00 95.00 NOTE
r-oldrel-macos-arm64 3.1.0 42.00 OK
r-oldrel-macos-x86_64 3.1.0 90.00 OK
r-oldrel-windows-x86_64 3.1.0 10.00 96.00 106.00 OK

Check Details

Version: 3.1.0
Check: Rd files
Result: NOTE checkRd: (-1) get_study_meta.Rd:54-55: Lost braces in \itemize; meant \describe ? checkRd: (-1) get_study_meta.Rd:57-60: Lost braces in \itemize; meant \describe ? checkRd: (-1) get_study_meta.Rd:62-68: Lost braces in \itemize; meant \describe ? checkRd: (-1) get_study_meta.Rd:66: Lost braces; missing escapes or markup? 66 | \item {get_study_year} { The year of publication of the study. } | ^ checkRd: (-1) get_study_meta.Rd:66: Lost braces; missing escapes or markup? 66 | \item {get_study_year} { The year of publication of the study. } | ^ checkRd: (-1) rotl.Rd:27-31: Lost braces in \itemize; meant \describe ? checkRd: (-1) rotl.Rd:33-36: Lost braces in \itemize; meant \describe ? checkRd: (-1) taxonomy_about.Rd:17-18: Lost braces in \itemize; \value handles \item{}{} directly checkRd: (-1) taxonomy_about.Rd:20: Lost braces in \itemize; \value handles \item{}{} directly checkRd: (-1) taxonomy_about.Rd:22: Lost braces in \itemize; \value handles \item{}{} directly checkRd: (-1) taxonomy_about.Rd:24-25: Lost braces in \itemize; \value handles \item{}{} directly checkRd: (-1) taxonomy_about.Rd:27: Lost braces in \itemize; \value handles \item{}{} directly checkRd: (-1) taxonomy_mrca.Rd:43-45: Lost braces in \itemize; \value handles \item{}{} directly checkRd: (-1) taxonomy_mrca.Rd:47-48: Lost braces in \itemize; \value handles \item{}{} directly checkRd: (-1) taxonomy_mrca.Rd:50-51: Lost braces in \itemize; \value handles \item{}{} directly checkRd: (-1) taxonomy_mrca.Rd:53-54: Lost braces in \itemize; \value handles \item{}{} directly checkRd: (-1) taxonomy_subtree.Rd:35-38: Lost braces in \itemize; \value handles \item{}{} directly checkRd: (-1) taxonomy_subtree.Rd:40-42: Lost braces in \itemize; \value handles \item{}{} directly checkRd: (-1) taxonomy_subtree.Rd:44-45: Lost braces in \itemize; \value handles \item{}{} directly checkRd: (-1) taxonomy_subtree.Rd:47-49: Lost braces in \itemize; \value handles \item{}{} directly checkRd: (-1) tol_about.Rd:38: Lost braces in \itemize; \value handles \item{}{} directly checkRd: (-1) tol_about.Rd:40-41: Lost braces in \itemize; \value handles \item{}{} directly checkRd: (-1) tol_about.Rd:43-44: Lost braces in \itemize; \value handles \item{}{} directly checkRd: (-1) tol_about.Rd:46-47: Lost braces in \itemize; \value handles \item{}{} directly checkRd: (-1) tol_about.Rd:49-50: Lost braces in \itemize; \value handles \item{}{} directly checkRd: (-1) tol_about.Rd:52: Lost braces in \itemize; \value handles \item{}{} directly checkRd: (-1) tol_about.Rd:54: Lost braces in \itemize; \value handles \item{}{} directly checkRd: (-1) tol_about.Rd:56: Lost braces in \itemize; \value handles \item{}{} directly checkRd: (-1) tol_about.Rd:58: Lost braces in \itemize; \value handles \item{}{} directly checkRd: (-1) tol_about.Rd:60: Lost braces in \itemize; \value handles \item{}{} directly checkRd: (-1) tol_about.Rd:62: Lost braces in \itemize; \value handles \item{}{} directly checkRd: (-1) tol_about.Rd:64-65: Lost braces in \itemize; \value handles \item{}{} directly checkRd: (-1) tol_about.Rd:67: Lost braces in \itemize; \value handles \item{}{} directly checkRd: (-1) tol_about.Rd:69-71: Lost braces in \itemize; \value handles \item{}{} directly checkRd: (-1) tol_about.Rd:75-80: Lost braces in \itemize; \value handles \item{}{} directly checkRd: (-1) tol_about.Rd:82-85: Lost braces in \itemize; \value handles \item{}{} directly checkRd: (-1) tol_about.Rd:88-89: Lost braces in \itemize; \value handles \item{}{} directly checkRd: (-1) tol_about.Rd:91: Lost braces in \itemize; \value handles \item{}{} directly checkRd: (-1) tol_about.Rd:93-94: Lost braces in \itemize; \value handles \item{}{} directly checkRd: (-1) tol_about.Rd:97: Lost braces in \itemize; \value handles \item{}{} directly checkRd: (-1) tol_mrca.Rd:42: Lost braces in \itemize; \value handles \item{}{} directly checkRd: (-1) tol_mrca.Rd:45: Lost braces in \itemize; \value handles \item{}{} directly checkRd: (-1) tol_mrca.Rd:47: Lost braces in \itemize; \value handles \item{}{} directly checkRd: (-1) tol_mrca.Rd:49-51: Lost braces in \itemize; \value handles \item{}{} directly checkRd: (-1) tol_mrca.Rd:54: Lost braces in \itemize; \value handles \item{}{} directly checkRd: (-1) tol_mrca.Rd:56: Lost braces in \itemize; \value handles \item{}{} directly checkRd: (-1) tol_mrca.Rd:58-59: Lost braces in \itemize; \value handles \item{}{} directly checkRd: (-1) tol_mrca.Rd:61: Lost braces in \itemize; \value handles \item{}{} directly checkRd: (-1) tol_mrca.Rd:63-65: Lost braces in \itemize; \value handles \item{}{} directly checkRd: (-1) tol_mrca.Rd:73-75: Lost braces in \itemize; \value handles \item{}{} directly checkRd: (-1) tol_mrca.Rd:77-79: Lost braces in \itemize; \value handles \item{}{} directly checkRd: (-1) tol_mrca.Rd:81-84: Lost braces in \itemize; \value handles \item{}{} directly checkRd: (-1) tol_mrca.Rd:86-88: Lost braces in \itemize; \value handles \item{}{} directly checkRd: (-1) tol_mrca.Rd:91-93: Lost braces in \itemize; \value handles \item{}{} directly checkRd: (-1) tol_mrca.Rd:96: Lost braces in \itemize; \value handles \item{}{} directly checkRd: (-1) tol_mrca.Rd:98: Lost braces in \itemize; \value handles \item{}{} directly checkRd: (-1) tol_mrca.Rd:100-101: Lost braces in \itemize; \value handles \item{}{} directly checkRd: (-1) tol_mrca.Rd:103: Lost braces in \itemize; \value handles \item{}{} directly checkRd: (-1) tol_mrca.Rd:105-107: Lost braces in \itemize; \value handles \item{}{} directly checkRd: (-1) tol_mrca.Rd:110-112: Lost braces in \itemize; \value handles \item{}{} directly checkRd: (-1) tol_mrca.Rd:115-116: Lost braces in \itemize; \value handles \item{}{} directly checkRd: (-1) tol_mrca.Rd:118: Lost braces in \itemize; \value handles \item{}{} directly checkRd: (-1) tol_mrca.Rd:120-121: Lost braces in \itemize; \value handles \item{}{} directly checkRd: (-1) tol_node_info.Rd:55: Lost braces in \itemize; \value handles \item{}{} directly checkRd: (-1) tol_node_info.Rd:57: Lost braces in \itemize; \value handles \item{}{} directly checkRd: (-1) tol_node_info.Rd:59-61: Lost braces in \itemize; \value handles \item{}{} directly checkRd: (-1) tol_node_info.Rd:63-64: Lost braces in \itemize; \value handles \item{}{} directly checkRd: (-1) tol_node_info.Rd:66-67: Lost braces in \itemize; \value handles \item{}{} directly checkRd: (-1) tol_node_info.Rd:70: Lost braces in \itemize; \value handles \item{}{} directly checkRd: (-1) tol_node_info.Rd:72: Lost braces in \itemize; \value handles \item{}{} directly checkRd: (-1) tol_node_info.Rd:74-75: Lost braces in \itemize; \value handles \item{}{} directly checkRd: (-1) tol_node_info.Rd:77: Lost braces in \itemize; \value handles \item{}{} directly checkRd: (-1) tol_node_info.Rd:79-81: Lost braces in \itemize; \value handles \item{}{} directly checkRd: (-1) tol_node_info.Rd:88-90: Lost braces in \itemize; \value handles \item{}{} directly checkRd: (-1) tol_node_info.Rd:92-96: Lost braces in \itemize; \value handles \item{}{} directly checkRd: (-1) tol_node_info.Rd:98-100: Lost braces in \itemize; \value handles \item{}{} directly Flavors: r-devel-linux-x86_64-debian-clang, r-devel-linux-x86_64-debian-gcc, r-devel-linux-x86_64-fedora-clang, r-devel-linux-x86_64-fedora-gcc, r-devel-windows-x86_64, r-patched-linux-x86_64, r-release-linux-x86_64, r-release-macos-arm64, r-release-macos-x86_64, r-release-windows-x86_64