CRAN Package Check Results for Package rpanel

Last updated on 2019-09-22 13:46:22 CEST.

Flavor Version Tinstall Tcheck Ttotal Status Flags
r-devel-linux-x86_64-debian-clang 1.1-4 16.34 59.99 76.33 OK
r-devel-linux-x86_64-debian-gcc 1.1-4 12.16 46.74 58.90 OK
r-devel-linux-x86_64-fedora-clang 1.1-4 98.47 OK
r-devel-linux-x86_64-fedora-gcc 1.1-4 93.85 OK
r-devel-windows-ix86+x86_64 1.1-4 26.00 66.00 92.00 OK
r-patched-linux-x86_64 1.1-4 15.68 60.62 76.30 OK
r-patched-solaris-x86 1.1-4 123.70 OK
r-release-linux-x86_64 1.1-4 13.98 61.08 75.06 OK
r-release-windows-ix86+x86_64 1.1-4 17.00 67.00 84.00 OK
r-release-osx-x86_64 1.1-4 ERROR
r-oldrel-windows-ix86+x86_64 1.1-4 14.00 57.00 71.00 OK
r-oldrel-osx-x86_64 1.1-4 ERROR

Check Details

Version: 1.1-4
Check: whether package can be installed
Result: ERROR
    Installation failed.
Flavors: r-release-osx-x86_64, r-oldrel-osx-x86_64