CRAN Package Check Results for Package rpanel

Last updated on 2020-02-23 10:49:03 CET.

Flavor Version Tinstall Tcheck Ttotal Status Flags
r-devel-linux-x86_64-debian-clang 1.1-4 17.86 66.85 84.71 OK
r-devel-linux-x86_64-debian-gcc 1.1-4 12.26 51.56 63.82 OK
r-devel-linux-x86_64-fedora-clang 1.1-4 103.64 OK
r-devel-linux-x86_64-fedora-gcc 1.1-4 100.04 OK
r-devel-windows-ix86+x86_64 1.1-4 20.00 64.00 84.00 OK
r-devel-windows-ix86+x86_64-gcc8 1.1-4 27.00 69.00 96.00 OK
r-patched-linux-x86_64 1.1-4 OK
r-patched-solaris-x86 1.1-4 125.40 OK
r-release-linux-x86_64 1.1-4 15.06 60.49 75.55 OK
r-release-windows-ix86+x86_64 1.1-4 16.00 60.00 76.00 OK
r-release-osx-x86_64 1.1-4 ERROR
r-oldrel-windows-ix86+x86_64 1.1-4 20.00 62.00 82.00 OK
r-oldrel-osx-x86_64 1.1-4 ERROR

Check Details

Version: 1.1-4
Check: whether package can be installed
Result: ERROR
    Installation failed.
Flavors: r-release-osx-x86_64, r-oldrel-osx-x86_64