CRAN Package Check Results for Package rpf

Last updated on 2020-07-09 21:48:40 CEST.

Flavor Version Tinstall Tcheck Ttotal Status Flags
r-devel-linux-x86_64-debian-clang 1.0.4 162.95 74.31 237.26 OK
r-devel-linux-x86_64-debian-gcc 1.0.4 114.63 57.53 172.16 OK
r-devel-linux-x86_64-fedora-clang 1.0.4 322.36 NOTE
r-devel-linux-x86_64-fedora-gcc 1.0.4 298.80 OK
r-devel-windows-ix86+x86_64 1.0.4 237.00 131.00 368.00 OK
r-patched-linux-x86_64 1.0.4 129.46 73.38 202.84 OK
r-patched-solaris-x86 1.0.4 248.70 ERROR
r-release-linux-x86_64 1.0.4 129.52 73.80 203.32 OK
r-release-osx-x86_64 1.0.4 NOTE
r-release-windows-ix86+x86_64 1.0.4 247.00 127.00 374.00 OK
r-oldrel-osx-x86_64 1.0.4 NOTE
r-oldrel-windows-ix86+x86_64 1.0.4 297.00 116.00 413.00 OK

Check Details

Version: 1.0.4
Check: installed package size
Result: NOTE
     installed size is 22.7Mb
     sub-directories of 1Mb or more:
     libs 21.7Mb
Flavors: r-devel-linux-x86_64-fedora-clang, r-release-osx-x86_64, r-oldrel-osx-x86_64

Version: 1.0.4
Check: tests
Result: ERROR
     Running ‘testthat.R’ [15s/19s]
    Running the tests in ‘tests/testthat.R’ failed.
    Complete output:
     > library(testthat)
     > library(rpf)
     Loading required package: parallel
     >
     > test_check("rpf")
     ── 1. Failure: EAPscores (@test-weightColumn.R#40) ────────────────────────────
     grp1$score[, 1] not equal to grp2$score[, 1].
     174/1000 mismatches (average diff: 2.85)
     [1] -1.238 - 0.000 == -1.2383
     [2] -1.238 - -6.516 == 5.2774
     [3] -1.238 - -1.359 == 0.1206
     [4] -0.719 - -0.704 == -0.0150
     [5] -0.719 - -0.704 == -0.0148
     [6] -0.719 - 0.147 == -0.8653
     [7] -0.719 - 0.147 == -0.8653
     [8] -0.719 - 0.147 == -0.8653
     [9] -0.719 - 0.000 == -0.7188
     ...
    
     ══ testthat results ═══════════════════════════════════════════════════════════
     [ OK: 401 | SKIPPED: 0 | WARNINGS: 0 | FAILED: 1 ]
     1. Failure: EAPscores (@test-weightColumn.R#40)
    
     Error: testthat unit tests failed
     Execution halted
Flavor: r-patched-solaris-x86