CRAN Package Check Results for Package rpf

Last updated on 2019-09-23 21:48:21 CEST.

Flavor Version Tinstall Tcheck Ttotal Status Flags
r-devel-linux-x86_64-debian-clang 0.62 39.04 60.58 99.62 OK
r-devel-linux-x86_64-debian-gcc 0.62 28.47 46.67 75.14 OK
r-devel-linux-x86_64-fedora-clang 0.62 137.86 NOTE
r-devel-linux-x86_64-fedora-gcc 0.62 124.24 OK
r-devel-windows-ix86+x86_64 0.62 87.00 132.00 219.00 OK
r-patched-linux-x86_64 0.62 31.61 58.26 89.87 OK
r-patched-solaris-x86 0.62 139.00 ERROR
r-release-linux-x86_64 0.62 34.95 58.91 93.86 OK
r-release-windows-ix86+x86_64 0.62 89.00 136.00 225.00 OK
r-release-osx-x86_64 0.62 NOTE
r-oldrel-windows-ix86+x86_64 0.62 58.00 93.00 151.00 OK
r-oldrel-osx-x86_64 0.62 NOTE

Check Details

Version: 0.62
Check: installed package size
Result: NOTE
     installed size is 8.4Mb
     sub-directories of 1Mb or more:
     libs 7.6Mb
Flavors: r-devel-linux-x86_64-fedora-clang, r-release-osx-x86_64, r-oldrel-osx-x86_64

Version: 0.62
Check: tests
Result: ERROR
     Running ‘testthat.R’ [15s/18s]
    Running the tests in ‘tests/testthat.R’ failed.
    Complete output:
     > library(testthat)
     > library(rpf)
     Loading required package: parallel
     >
     > test_check("rpf")
     ── 1. Failure: (unknown) (@test-weightColumn.R#30) ────────────────────────────
     grp1$score[, 1] not equal to grp2$score[, 1].
     940/1000 mismatches (average diff: 41)
     [1] -1.238 - 1.05e+00 == -2.290
     [2] -1.238 - -4.43e-01 == -0.795
     [3] -1.238 - -5.77e+00 == 4.530
     [4] -0.719 - 7.15e-05 == -0.719
     [5] -0.719 - -1.81e-01 == -0.538
     [6] -0.719 - -1.04e+00 == 0.323
     [36] -0.236 - 4.13e-01 == -0.649
     [37] -0.236 - -4.72e-01 == 0.236
     [38] -0.236 - -3.46e-17 == -0.236
     ...
    
     ══ testthat results ═══════════════════════════════════════════════════════════
     [ OK: 375 | SKIPPED: 0 | WARNINGS: 0 | FAILED: 1 ]
     1. Failure: (unknown) (@test-weightColumn.R#30)
    
     Error: testthat unit tests failed
     Execution halted
Flavor: r-patched-solaris-x86