CRAN Package Check Results for Package rpinterest

Last updated on 2022-08-16 09:54:48 CEST.

Flavor Version Tinstall Tcheck Ttotal Status Flags
r-devel-linux-x86_64-debian-clang 0.3.1 2.16 22.44 24.60 NOTE
r-devel-linux-x86_64-debian-gcc 0.3.1 2.05 17.69 19.74 NOTE
r-devel-linux-x86_64-fedora-clang 0.3.1 41.51 NOTE
r-devel-linux-x86_64-fedora-gcc 0.3.1 40.21 NOTE
r-devel-windows-x86_64 0.3.1 12.00 46.00 58.00 NOTE
r-patched-linux-x86_64 0.3.1 2.75 21.88 24.63 NOTE
r-release-linux-x86_64 0.3.1 2.39 22.21 24.60 NOTE
r-release-macos-arm64 0.3.1 14.00 NOTE
r-release-macos-x86_64 0.3.1 22.00 NOTE
r-release-windows-x86_64 0.3.1 13.00 45.00 58.00 NOTE
r-oldrel-macos-arm64 0.3.1 23.00 NOTE
r-oldrel-macos-x86_64 0.3.1 24.00 NOTE
r-oldrel-windows-ix86+x86_64 0.3.1 5.00 45.00 50.00 NOTE

Check Details

Version: 0.3.1
Check: LazyData
Result: NOTE
     'LazyData' is specified without a 'data' directory
Flavors: r-devel-linux-x86_64-debian-clang, r-devel-linux-x86_64-debian-gcc, r-devel-linux-x86_64-fedora-clang, r-devel-linux-x86_64-fedora-gcc, r-devel-windows-x86_64, r-patched-linux-x86_64, r-release-linux-x86_64, r-release-macos-arm64, r-release-macos-x86_64, r-release-windows-x86_64, r-oldrel-macos-arm64, r-oldrel-macos-x86_64, r-oldrel-windows-ix86+x86_64