Last updated on 2022-08-16 11:49:43 CEST.
Flavor | Version | Tinstall | Tcheck | Ttotal | Status | Flags |
---|---|---|---|---|---|---|
r-devel-linux-x86_64-debian-clang | 0.5.1 | 90.09 | 57.89 | 147.98 | OK | |
r-devel-linux-x86_64-debian-gcc | 0.5.1 | 68.80 | 44.48 | 113.28 | OK | |
r-devel-linux-x86_64-fedora-clang | 0.5.1 | 198.38 | OK | |||
r-devel-linux-x86_64-fedora-gcc | 0.5.1 | 195.38 | OK | |||
r-devel-windows-x86_64 | 0.5.1 | 78.00 | 101.00 | 179.00 | NOTE | |
r-patched-linux-x86_64 | 0.5.1 | 81.20 | 54.85 | 136.05 | OK | |
r-release-linux-x86_64 | 0.5.1 | 71.10 | 54.43 | 125.53 | OK | |
r-release-macos-arm64 | 0.5.1 | 53.00 | NOTE | |||
r-release-macos-x86_64 | 0.5.1 | 67.00 | NOTE | |||
r-release-windows-x86_64 | 0.5.1 | 77.00 | 106.00 | 183.00 | NOTE | |
r-oldrel-macos-arm64 | 0.5.1 | 59.00 | NOTE | |||
r-oldrel-macos-x86_64 | 0.5.1 | 68.00 | NOTE | |||
r-oldrel-windows-ix86+x86_64 | 0.5.1 | 202.00 | 130.00 | 332.00 | NOTE |
Version: 0.5.1
Check: installed package size
Result: NOTE
installed size is 5.3Mb
sub-directories of 1Mb or more:
data 2.3Mb
libs 1.4Mb
Flavors: r-devel-windows-x86_64, r-release-macos-arm64, r-release-macos-x86_64, r-release-windows-x86_64, r-oldrel-macos-arm64, r-oldrel-macos-x86_64, r-oldrel-windows-ix86+x86_64