CRAN Package Check Results for Package rrd

Last updated on 2019-09-23 17:47:16 CEST.

Flavor Version Tinstall Tcheck Ttotal Status Flags
r-devel-linux-x86_64-debian-clang 0.2.2 3.67 24.07 27.74 OK
r-devel-linux-x86_64-debian-gcc 0.2.2 2.94 18.83 21.77 OK
r-devel-linux-x86_64-fedora-clang 0.2.2 34.52 NOTE
r-devel-linux-x86_64-fedora-gcc 0.2.2 32.11 OK
r-patched-linux-x86_64 0.2.2 3.60 22.85 26.45 OK
r-release-linux-x86_64 0.2.2 3.22 23.20 26.42 OK
r-release-osx-x86_64 0.2.2 ERROR
r-oldrel-osx-x86_64 0.2.2 ERROR

Check Details

Version: 0.2.2
Check: installed package size
Result: NOTE
     installed size is 13.1Mb
     sub-directories of 1Mb or more:
     extdata 12.8Mb
Flavor: r-devel-linux-x86_64-fedora-clang

Version: 0.2.2
Check: whether package can be installed
Result: ERROR
    Installation failed.
Flavors: r-release-osx-x86_64, r-oldrel-osx-x86_64