CRAN Package Check Results for Package rredis

Last updated on 2021-04-15 04:48:53 CEST.

Flavor Version Tinstall Tcheck Ttotal Status Flags
r-devel-linux-x86_64-debian-clang 1.7.0 4.60 40.53 45.13 OK
r-devel-linux-x86_64-debian-gcc 1.7.0 3.26 31.88 35.14 OK
r-devel-linux-x86_64-fedora-clang 1.7.0 64.59 NOTE
r-devel-linux-x86_64-fedora-gcc 1.7.0 54.41 NOTE
r-devel-windows-ix86+x86_64 1.7.0 17.00 60.00 77.00 OK
r-devel-windows-x86_64-gcc10-UCRT 1.7.0 OK
r-patched-linux-x86_64 1.7.0 3.96 39.33 43.29 OK
r-patched-solaris-x86 1.7.0 74.40 OK
r-release-linux-x86_64 1.7.0 4.24 39.48 43.72 OK
r-release-macos-x86_64 1.7.0 OK
r-release-windows-ix86+x86_64 1.7.0 12.00 78.00 90.00 OK
r-oldrel-macos-x86_64 1.7.0 OK
r-oldrel-windows-ix86+x86_64 1.7.0 7.00 57.00 64.00 OK

Check Details

Version: 1.7.0
Check: compiled code
Result: NOTE
    File ‘rredis/libs/rredis.so’:
     Found no calls to: ‘R_registerRoutines’, ‘R_useDynamicSymbols’
    
    It is good practice to register native routines and to disable symbol
    search.
    
    See ‘Writing portable packages’ in the ‘Writing R Extensions’ manual.
Flavors: r-devel-linux-x86_64-fedora-clang, r-devel-linux-x86_64-fedora-gcc