CRAN Package Check Results for Package rroad

Last updated on 2020-02-21 00:49:53 CET.

Flavor Version Tinstall Tcheck Ttotal Status Flags
r-devel-linux-x86_64-debian-clang 0.0.5 1.98 29.23 31.21 OK
r-devel-linux-x86_64-debian-gcc 0.0.5 1.58 22.31 23.89 OK
r-devel-linux-x86_64-fedora-clang 0.0.5 40.10 OK
r-devel-linux-x86_64-fedora-gcc 0.0.5 37.41 OK
r-devel-windows-ix86+x86_64 0.0.5 6.00 39.00 45.00 OK
r-devel-windows-ix86+x86_64-gcc8 0.0.5 12.00 42.00 54.00 OK
r-patched-linux-x86_64 0.0.5 1.47 26.76 28.23 OK
r-patched-solaris-x86 0.0.5 54.20 OK
r-release-linux-x86_64 0.0.5 1.56 27.29 28.85 OK
r-release-windows-ix86+x86_64 0.0.5 4.00 41.00 45.00 OK
r-release-osx-x86_64 0.0.5 OK
r-oldrel-windows-ix86+x86_64 0.0.5 3.00 35.00 38.00 OK
r-oldrel-osx-x86_64 0.0.5 NOTE

Check Details

Version: 0.0.5
Check: package dependencies
Result: NOTE
    Package suggested but not available for checking: ‘biwavelet’
Flavor: r-oldrel-osx-x86_64