CRAN Package Check Results for Package rroad

Last updated on 2019-09-18 09:50:38 CEST.

Flavor Version Tinstall Tcheck Ttotal Status Flags
r-devel-linux-x86_64-debian-clang 0.0.5 1.68 26.12 27.80 OK
r-devel-linux-x86_64-debian-gcc 0.0.5 1.49 20.10 21.59 OK
r-devel-linux-x86_64-fedora-clang 0.0.5 34.93 OK
r-devel-linux-x86_64-fedora-gcc 0.0.5 34.46 OK
r-devel-windows-ix86+x86_64 0.0.5 6.00 39.00 45.00 OK
r-patched-linux-x86_64 0.0.5 1.54 25.66 27.20 OK
r-patched-solaris-x86 0.0.5 53.00 OK
r-release-linux-x86_64 0.0.5 1.42 25.62 27.04 OK
r-release-windows-ix86+x86_64 0.0.5 5.00 50.00 55.00 OK
r-release-osx-x86_64 0.0.5 OK
r-oldrel-windows-ix86+x86_64 0.0.5 3.00 34.00 37.00 OK
r-oldrel-osx-x86_64 0.0.5 NOTE

Check Details

Version: 0.0.5
Check: package dependencies
Result: NOTE
    Package suggested but not available for checking: ‘biwavelet’
Flavor: r-oldrel-osx-x86_64