CRAN Package Check Results for Package rrscale

Last updated on 2024-07-20 19:53:00 CEST.

Flavor Version Tinstall Tcheck Ttotal Status Flags
r-devel-linux-x86_64-debian-clang 1.0 2.41 56.09 58.50 NOTE
r-devel-linux-x86_64-debian-gcc 1.0 2.31 41.25 43.56 NOTE
r-devel-linux-x86_64-fedora-clang 1.0 78.23 NOTE
r-devel-linux-x86_64-fedora-gcc 1.0 83.55 NOTE
r-devel-windows-x86_64 1.0 3.00 61.00 64.00 NOTE
r-patched-linux-x86_64 1.0 2.96 51.71 54.67 NOTE
r-release-linux-x86_64 1.0 2.84 53.81 56.65 NOTE
r-release-macos-arm64 1.0 31.00 NOTE
r-release-macos-x86_64 1.0 50.00 NOTE
r-release-windows-x86_64 1.0 5.00 61.00 66.00 NOTE
r-oldrel-macos-arm64 1.0 29.00 NOTE
r-oldrel-macos-x86_64 1.0 51.00 NOTE
r-oldrel-windows-x86_64 1.0 3.00 67.00 70.00 NOTE

Check Details

Version: 1.0
Check: LazyData
Result: NOTE 'LazyData' is specified without a 'data' directory Flavors: r-devel-linux-x86_64-debian-clang, r-devel-linux-x86_64-debian-gcc, r-devel-linux-x86_64-fedora-clang, r-devel-linux-x86_64-fedora-gcc, r-devel-windows-x86_64, r-patched-linux-x86_64, r-release-linux-x86_64, r-release-macos-arm64, r-release-macos-x86_64, r-release-windows-x86_64, r-oldrel-macos-arm64, r-oldrel-macos-x86_64, r-oldrel-windows-x86_64

Version: 1.0
Check: dependencies in R code
Result: NOTE Namespace in Imports field not imported from: ‘abind’ All declared Imports should be used. Flavors: r-devel-linux-x86_64-fedora-clang, r-devel-linux-x86_64-fedora-gcc