Last updated on 2022-06-27 19:52:21 CEST.
Flavor | Version | Tinstall | Tcheck | Ttotal | Status | Flags |
---|---|---|---|---|---|---|
r-devel-linux-x86_64-debian-clang | 0.8.26 | 9.45 | 63.25 | 72.70 | OK | |
r-devel-linux-x86_64-debian-gcc | 0.8.26 | 6.31 | 47.74 | 54.05 | OK | |
r-devel-linux-x86_64-fedora-clang | 0.8.26 | 92.06 | NOTE | |||
r-devel-linux-x86_64-fedora-gcc | 0.8.26 | 94.35 | OK | |||
r-devel-windows-x86_64 | 0.8.26 | 105.00 | 96.00 | 201.00 | OK | |
r-patched-linux-x86_64 | 0.8.26 | 7.73 | 59.31 | 67.04 | OK | |
r-release-linux-x86_64 | 0.8.26 | 8.66 | 60.95 | 69.61 | OK | |
r-release-macos-arm64 | 0.8.26 | 29.00 | OK | |||
r-release-macos-x86_64 | 0.8.26 | 41.00 | OK | |||
r-release-windows-x86_64 | 0.8.26 | 90.00 | 95.00 | 185.00 | OK | |
r-oldrel-macos-arm64 | 0.8.26 | 26.00 | OK | |||
r-oldrel-macos-x86_64 | 0.8.26 | 40.00 | OK | |||
r-oldrel-windows-ix86+x86_64 | 0.8.26 | 14.00 | 81.00 | 95.00 | OK |
Version: 0.8.26
Check: Rd cross-references
Result: NOTE
Undeclared packages ‘keras’, ‘tensorflow’, ‘devtools’ in Rd xrefs
Flavor: r-devel-linux-x86_64-fedora-clang