CRAN Package Check Results for Package rsconnect

Last updated on 2020-12-05 02:49:55 CET.

Flavor Version Tinstall Tcheck Ttotal Status Flags
r-devel-linux-x86_64-debian-clang 0.8.16 7.88 51.72 59.60 OK
r-devel-linux-x86_64-debian-gcc 0.8.16 6.56 39.10 45.66 OK
r-devel-linux-x86_64-fedora-clang 0.8.16 74.12 NOTE
r-devel-linux-x86_64-fedora-gcc 0.8.16 63.17 OK
r-devel-windows-ix86+x86_64 0.8.16 12.00 73.00 85.00 OK
r-patched-linux-x86_64 0.8.16 6.55 47.48 54.03 OK
r-patched-solaris-x86 0.8.16 81.00 OK
r-release-linux-x86_64 0.8.16 7.00 47.93 54.93 OK
r-release-macos-x86_64 0.8.16 OK
r-release-windows-ix86+x86_64 0.8.16 9.00 53.00 62.00 OK
r-oldrel-macos-x86_64 0.8.16 OK
r-oldrel-windows-ix86+x86_64 0.8.16 10.00 49.00 59.00 OK

Check Details

Version: 0.8.16
Check: Rd cross-references
Result: NOTE
    Undeclared packages ‘keras’, ‘tensorflow’, ‘devtools’ in Rd xrefs
Flavor: r-devel-linux-x86_64-fedora-clang