CRAN Package Check Results for Package rsf

Last updated on 2022-06-26 11:17:27 CEST.

Flavor Version Tinstall Tcheck Ttotal Status Flags
r-devel-linux-x86_64-debian-clang 0.2.2 2.45 21.41 23.86 NOTE
r-devel-linux-x86_64-debian-gcc 0.2.2 1.53 16.83 18.36 NOTE
r-devel-linux-x86_64-fedora-clang 0.2.2 42.09 NOTE
r-devel-linux-x86_64-fedora-gcc 0.2.2 39.95 NOTE
r-devel-windows-x86_64 0.2.2 12.00 45.00 57.00 NOTE
r-patched-linux-x86_64 0.2.2 1.87 20.86 22.73 NOTE
r-release-linux-x86_64 0.2.2 2.12 20.79 22.91 NOTE
r-release-macos-arm64 0.2.2 17.00 NOTE
r-release-macos-x86_64 0.2.2 23.00 NOTE
r-release-windows-x86_64 0.2.2 10.00 47.00 57.00 NOTE
r-oldrel-macos-arm64 0.2.2 16.00 NOTE
r-oldrel-macos-x86_64 0.2.2 19.00 NOTE
r-oldrel-windows-ix86+x86_64 0.2.2 7.00 43.00 50.00 NOTE

Check Details

Version: 0.2.2
Check: LazyData
Result: NOTE
     'LazyData' is specified without a 'data' directory
Flavors: r-devel-linux-x86_64-debian-clang, r-devel-linux-x86_64-debian-gcc, r-devel-linux-x86_64-fedora-clang, r-devel-linux-x86_64-fedora-gcc, r-devel-windows-x86_64, r-patched-linux-x86_64, r-release-linux-x86_64, r-release-macos-arm64, r-release-macos-x86_64, r-release-windows-x86_64, r-oldrel-macos-arm64, r-oldrel-macos-x86_64, r-oldrel-windows-ix86+x86_64