CRAN Package Check Results for Package rskey

Last updated on 2024-04-15 12:55:00 CEST.

Flavor Version Tinstall Tcheck Ttotal Status Flags
r-devel-linux-x86_64-debian-clang 0.4.4 1.69 25.16 26.85 NOTE
r-devel-linux-x86_64-debian-gcc 0.4.4 1.93 19.29 21.22 NOTE
r-devel-linux-x86_64-fedora-clang 0.4.4 34.49 NOTE
r-devel-linux-x86_64-fedora-gcc 0.4.4 32.97 NOTE
r-prerel-macos-arm64 0.4.4 15.00 NOTE
r-prerel-windows-x86_64 0.4.4 3.00 41.00 44.00 NOTE
r-patched-linux-x86_64 0.4.4 3.94 24.60 28.54 NOTE
r-release-linux-x86_64 0.4.4 2.09 24.12 26.21 NOTE
r-release-macos-arm64 0.4.4 16.00 NOTE
r-release-macos-x86_64 0.4.4 22.00 NOTE
r-release-windows-x86_64 0.4.4 3.00 40.00 43.00 NOTE
r-oldrel-macos-arm64 0.4.4 18.00 NOTE
r-oldrel-windows-x86_64 0.4.4 4.00 44.00 48.00 NOTE

Check Details

Version: 0.4.4
Check: LazyData
Result: NOTE 'LazyData' is specified without a 'data' directory Flavors: r-devel-linux-x86_64-debian-clang, r-devel-linux-x86_64-debian-gcc, r-devel-linux-x86_64-fedora-clang, r-devel-linux-x86_64-fedora-gcc, r-prerel-macos-arm64, r-prerel-windows-x86_64, r-patched-linux-x86_64, r-release-linux-x86_64, r-release-macos-arm64, r-release-macos-x86_64, r-release-windows-x86_64, r-oldrel-macos-arm64, r-oldrel-windows-x86_64