CRAN Package Check Results for Package rslp

Last updated on 2022-10-03 05:50:57 CEST.

Flavor Version Tinstall Tcheck Ttotal Status Flags
r-devel-linux-x86_64-debian-clang 0.2.0 1.74 30.10 31.84 NOTE
r-devel-linux-x86_64-debian-gcc 0.2.0 1.78 23.20 24.98 NOTE
r-devel-linux-x86_64-fedora-clang 0.2.0 52.44 NOTE
r-devel-linux-x86_64-fedora-gcc 0.2.0 51.83 NOTE
r-devel-windows-x86_64 0.2.0 8.00 57.00 65.00 NOTE
r-patched-linux-x86_64 0.2.0 2.04 28.87 30.91 NOTE
r-release-linux-x86_64 0.2.0 2.29 28.79 31.08 NOTE
r-release-macos-arm64 0.2.0 20.00 NOTE
r-release-macos-x86_64 0.2.0 25.00 NOTE
r-release-windows-x86_64 0.2.0 12.00 57.00 69.00 NOTE
r-oldrel-macos-arm64 0.2.0 20.00 NOTE
r-oldrel-macos-x86_64 0.2.0 29.00 NOTE
r-oldrel-windows-ix86+x86_64 0.2.0 5.00 54.00 59.00 NOTE

Check Details

Version: 0.2.0
Check: LazyData
Result: NOTE
     'LazyData' is specified without a 'data' directory
Flavors: r-devel-linux-x86_64-debian-clang, r-devel-linux-x86_64-debian-gcc, r-devel-linux-x86_64-fedora-clang, r-devel-linux-x86_64-fedora-gcc, r-devel-windows-x86_64, r-patched-linux-x86_64, r-release-linux-x86_64, r-release-macos-arm64, r-release-macos-x86_64, r-release-windows-x86_64, r-oldrel-macos-arm64, r-oldrel-macos-x86_64, r-oldrel-windows-ix86+x86_64