CRAN Package Check Results for Package rsparse

Last updated on 2021-10-28 12:59:30 CEST.

Flavor Version Tinstall Tcheck Ttotal Status Flags
r-devel-linux-x86_64-debian-clang 0.4.0 163.87 118.73 282.60 WARN
r-devel-linux-x86_64-debian-gcc 0.4.0 129.04 87.87 216.91 WARN
r-devel-linux-x86_64-fedora-clang 0.4.0 421.69 WARN
r-devel-linux-x86_64-fedora-gcc 0.4.0 379.09 WARN
r-devel-windows-x86_64 0.4.0 233.00 119.00 352.00 OK
r-devel-windows-x86_64-gcc10-UCRT 0.4.0 OK
r-patched-linux-x86_64 0.4.0 150.58 111.93 262.51 WARN
r-patched-solaris-x86 0.4.0 2167.20 ERROR
r-release-linux-x86_64 0.4.0 143.24 113.17 256.41 WARN
r-release-macos-arm64 0.4.0 NOTE
r-release-macos-x86_64 0.4.0 NOTE
r-release-windows-ix86+x86_64 0.4.0 305.00 223.00 528.00 NOTE
r-oldrel-macos-x86_64 0.4.0 NOTE
r-oldrel-windows-ix86+x86_64 0.4.0 313.00 214.00 527.00 NOTE

Check Details

Version: 0.4.0
Check: top-level files
Result: WARN
     Output from running autoreconf:
     configure.ac:120: warning: AC_OUTPUT should be used without arguments.
     configure.ac:120: You should run autoupdate.
Flavors: r-devel-linux-x86_64-debian-clang, r-devel-linux-x86_64-debian-gcc, r-patched-linux-x86_64, r-release-linux-x86_64

Version: 0.4.0
Check: installed package size
Result: NOTE
     installed size is 6.9Mb
     sub-directories of 1Mb or more:
     libs 6.1Mb
Flavors: r-devel-linux-x86_64-fedora-clang, r-release-macos-arm64, r-release-macos-x86_64, r-release-windows-ix86+x86_64, r-oldrel-macos-x86_64, r-oldrel-windows-ix86+x86_64

Version: 0.4.0
Check: top-level files
Result: WARN
     Output from running autoreconf:
     configure.ac:120: warning: AC_OUTPUT should be used without arguments.
     configure.ac:120: You should run autoupdate.
     configure.ac:120: warning: AC_OUTPUT should be used without arguments.
     configure.ac:120: You should run autoupdate.
Flavors: r-devel-linux-x86_64-fedora-clang, r-devel-linux-x86_64-fedora-gcc

Version: 0.4.0
Check: tests
Result: ERROR
     Running ‘testthat.R’ [30m/31m]
    Running the tests in ‘tests/testthat.R’ failed.
    Complete output:
     > Sys.setenv("R_TESTS" = "")
     > library(testthat)
     > library(rsparse)
     > library(data.table)
     > library(Matrix)
     > options(rsparse_omp_threads = 1L)
     > logger = lgr::get_logger('rsparse')
     > logger$set_threshold('warn')
     > data("movielens100k")
     > test_check("rsparse")
Flavor: r-patched-solaris-x86