CRAN Package Check Results for Package rstpm2

Last updated on 2019-09-22 08:48:25 CEST.

Flavor Version Tinstall Tcheck Ttotal Status Flags
r-devel-linux-x86_64-debian-clang 1.4.5 112.91 109.44 222.35 OK
r-devel-linux-x86_64-debian-gcc 1.4.5 96.18 86.94 183.12 OK
r-devel-linux-x86_64-fedora-clang 1.4.5 347.41 NOTE
r-devel-linux-x86_64-fedora-gcc 1.4.5 303.07 OK
r-devel-windows-ix86+x86_64 1.4.5 245.00 248.00 493.00 NOTE
r-patched-linux-x86_64 1.4.5 100.08 107.83 207.91 OK
r-patched-solaris-x86 1.4.5 344.90 OK
r-release-linux-x86_64 1.4.5 96.41 109.22 205.63 OK
r-release-windows-ix86+x86_64 1.4.5 173.00 188.00 361.00 NOTE
r-release-osx-x86_64 1.4.5 ERROR
r-oldrel-windows-ix86+x86_64 1.4.5 174.00 170.00 344.00 NOTE
r-oldrel-osx-x86_64 1.4.5 NOTE

Additional issues

MKL noLD OpenBLAS

Check Details

Version: 1.4.5
Check: installed package size
Result: NOTE
     installed size is 14.6Mb
     sub-directories of 1Mb or more:
     libs 12.4Mb
Flavors: r-devel-linux-x86_64-fedora-clang, r-devel-windows-ix86+x86_64, r-release-windows-ix86+x86_64, r-release-osx-x86_64, r-oldrel-windows-ix86+x86_64, r-oldrel-osx-x86_64

Version: 1.4.5
Check: tests
Result: ERROR
     Running ‘testthat.R’ [9s/15s]
    Running the tests in ‘tests/testthat.R’ failed.
    Last 13 lines of output:
     >
     > test_check("rstpm2")
     ── 1. Failure: Predictions with missing values - pstpm2+frailty (@test_missing.R
     max(abs(expr - value)) is not strictly less than `eps`. Difference: 0.00142
    
     ── 2. Failure: Predictions with missing values - pstpm2+frailty (@test_missing.R
     max(abs(expr - value)) is not strictly less than `eps`. Difference: 0.00142
    
     ══ testthat results ═══════════════════════════════════════════════════════════
     OK: 46 SKIPPED: 0 FAILED: 2
     1. Failure: Predictions with missing values - pstpm2+frailty (@test_missing.R#227)
     2. Failure: Predictions with missing values - pstpm2+frailty (@test_missing.R#227)
    
     Error: testthat unit tests failed
     Execution halted
Flavor: r-release-osx-x86_64