CRAN Package Check Results for Package rstpm2

Last updated on 2020-02-23 10:49:03 CET.

Flavor Version Tinstall Tcheck Ttotal Status Flags
r-devel-linux-x86_64-debian-clang 1.5.1 145.11 167.13 312.24 OK
r-devel-linux-x86_64-debian-gcc 1.5.1 112.08 126.83 238.91 OK
r-devel-linux-x86_64-fedora-clang 1.5.1 434.84 NOTE
r-devel-linux-x86_64-fedora-gcc 1.5.1 403.05 OK
r-devel-windows-ix86+x86_64 1.5.1 230.00 247.00 477.00 NOTE
r-devel-windows-ix86+x86_64-gcc8 1.5.1 349.00 265.00 614.00 NOTE
r-patched-linux-x86_64 1.5.1 OK
r-patched-solaris-x86 1.5.1 414.80 OK
r-release-linux-x86_64 1.5.1 119.37 147.90 267.27 OK
r-release-windows-ix86+x86_64 1.5.1 221.00 241.00 462.00 NOTE
r-release-osx-x86_64 1.5.1 NOTE
r-oldrel-windows-ix86+x86_64 1.5.1 270.00 222.00 492.00 NOTE
r-oldrel-osx-x86_64 1.5.1 NOTE

Check Details

Version: 1.5.1
Check: installed package size
Result: NOTE
     installed size is 16.5Mb
     sub-directories of 1Mb or more:
     doc 1.4Mb
     libs 13.4Mb
Flavors: r-devel-linux-x86_64-fedora-clang, r-devel-windows-ix86+x86_64, r-devel-windows-ix86+x86_64-gcc8, r-release-windows-ix86+x86_64, r-release-osx-x86_64, r-oldrel-windows-ix86+x86_64, r-oldrel-osx-x86_64