CRAN Package Check Results for Package rsurfer

Last updated on 2020-02-19 22:57:32 CET.

Flavor Version Tinstall Tcheck Ttotal Status Flags
r-devel-linux-x86_64-debian-clang 0.2 5.83 44.31 50.14 NOTE
r-devel-linux-x86_64-debian-gcc 0.2 4.55 34.95 39.50 NOTE
r-devel-linux-x86_64-fedora-clang 0.2 65.98 OK
r-devel-linux-x86_64-fedora-gcc 0.2 62.59 OK
r-devel-windows-ix86+x86_64 0.2 9.00 57.00 66.00 NOTE
r-devel-windows-ix86+x86_64-gcc8 0.2 15.00 57.00 72.00 NOTE
r-patched-linux-x86_64 0.2 4.73 41.90 46.63 OK
r-patched-solaris-x86 0.2 75.50 OK
r-release-linux-x86_64 0.2 4.64 42.32 46.96 OK
r-release-windows-ix86+x86_64 0.2 9.00 56.00 65.00 OK
r-release-osx-x86_64 0.2 OK
r-oldrel-windows-ix86+x86_64 0.2 6.00 56.00 62.00 OK
r-oldrel-osx-x86_64 0.2 OK

Check Details

Version: 0.2
Check: package vignettes
Result: NOTE
    Package vignette with placeholder title 'Vignette Title':
     'main-vignette.Rmd'
Flavors: r-devel-linux-x86_64-debian-clang, r-devel-linux-x86_64-debian-gcc, r-devel-windows-ix86+x86_64, r-devel-windows-ix86+x86_64-gcc8