CRAN Package Check Results for Package rsurfer

Last updated on 2019-09-23 12:48:03 CEST.

Flavor Version Tinstall Tcheck Ttotal Status Flags
r-devel-linux-x86_64-debian-clang 0.2 5.31 41.16 46.47 NOTE
r-devel-linux-x86_64-debian-gcc 0.2 4.06 32.34 36.40 NOTE
r-devel-linux-x86_64-fedora-clang 0.2 60.68 OK
r-devel-linux-x86_64-fedora-gcc 0.2 58.09 OK
r-devel-windows-ix86+x86_64 0.2 15.00 75.00 90.00 NOTE
r-patched-linux-x86_64 0.2 5.28 42.00 47.28 OK
r-patched-solaris-x86 0.2 75.10 OK
r-release-linux-x86_64 0.2 4.97 41.77 46.74 OK
r-release-windows-ix86+x86_64 0.2 13.00 74.00 87.00 OK
r-release-osx-x86_64 0.2 OK
r-oldrel-windows-ix86+x86_64 0.2 5.00 55.00 60.00 OK
r-oldrel-osx-x86_64 0.2 OK

Check Details

Version: 0.2
Check: package vignettes
Result: NOTE
    Package vignette with placeholder title 'Vignette Title':
     'main-vignette.Rmd'
Flavors: r-devel-linux-x86_64-debian-clang, r-devel-linux-x86_64-debian-gcc, r-devel-windows-ix86+x86_64