Last updated on 2022-08-10 05:55:00 CEST.
Flavor | Version | Tinstall | Tcheck | Ttotal | Status | Flags |
---|---|---|---|---|---|---|
r-devel-linux-x86_64-debian-clang | 1.5.5 | 28.20 | 68.68 | 96.88 | OK | |
r-devel-linux-x86_64-debian-gcc | 1.5.5 | 27.06 | 55.12 | 82.18 | OK | |
r-devel-linux-x86_64-fedora-clang | 1.5.5 | 157.70 | NOTE | |||
r-devel-linux-x86_64-fedora-gcc | 1.5.5 | 155.57 | OK | |||
r-devel-windows-x86_64 | 1.5.5 | 310.00 | 214.00 | 524.00 | NOTE | |
r-patched-linux-x86_64 | 1.5.5 | 29.92 | 68.78 | 98.70 | OK | |
r-release-linux-x86_64 | 1.5.5 | OK | ||||
r-release-macos-arm64 | 1.5.5 | 52.00 | NOTE | |||
r-release-macos-x86_64 | 1.5.5 | 68.00 | NOTE | |||
r-release-windows-x86_64 | 1.5.5 | 264.00 | 217.00 | 481.00 | NOTE | |
r-oldrel-macos-arm64 | 1.5.5 | 72.00 | NOTE | |||
r-oldrel-macos-x86_64 | 1.5.5 | 136.00 | NOTE | |||
r-oldrel-windows-ix86+x86_64 | 1.5.5 | 84.00 | 157.00 | 241.00 | NOTE |
Version: 1.5.5
Check: installed package size
Result: NOTE
installed size is 5.5Mb
sub-directories of 1Mb or more:
doc 1.1Mb
libs 1.3Mb
projects 2.8Mb
Flavors: r-devel-linux-x86_64-fedora-clang, r-devel-windows-x86_64, r-release-macos-arm64, r-release-macos-x86_64, r-release-windows-x86_64, r-oldrel-macos-arm64, r-oldrel-macos-x86_64, r-oldrel-windows-ix86+x86_64