Last updated on 2021-03-08 08:48:41 CET.
Flavor | Version | Tinstall | Tcheck | Ttotal | Status | Flags |
---|---|---|---|---|---|---|
r-devel-linux-x86_64-debian-clang | 0.1-19 | 36.68 | 63.58 | 100.26 | OK | |
r-devel-linux-x86_64-debian-gcc | 0.1-19 | 25.50 | 46.76 | 72.26 | OK | |
r-devel-linux-x86_64-fedora-clang | 0.1-19 | 148.06 | OK | |||
r-devel-linux-x86_64-fedora-gcc | 0.1-19 | 116.05 | OK | |||
r-devel-windows-ix86+x86_64 | 0.1-19 | 78.00 | 104.00 | 182.00 | OK | |
r-devel-windows-x86_64-gcc10-UCRT | 0.1-19 | OK | ||||
r-patched-linux-x86_64 | 0.1-19 | 30.96 | 57.61 | 88.57 | OK | |
r-patched-solaris-x86 | 0.1-19 | 171.10 | OK | |||
r-release-linux-x86_64 | 0.1-19 | 27.01 | 58.56 | 85.57 | OK | |
r-release-macos-x86_64 | 0.1-19 | NOTE | ||||
r-release-windows-ix86+x86_64 | 0.1-19 | 60.00 | 84.00 | 144.00 | OK | |
r-oldrel-macos-x86_64 | 0.1-19 | OK | ||||
r-oldrel-windows-ix86+x86_64 | 0.1-19 | 61.00 | 86.00 | 147.00 | OK |
Version: 0.1-19
Check: installed package size
Result: NOTE
installed size is 5.4Mb
sub-directories of 1Mb or more:
libs 4.1Mb
Flavor: r-release-macos-x86_64