CRAN Package Check Results for Package rtrek

Last updated on 2022-06-26 00:51:47 CEST.

Flavor Version Tinstall Tcheck Ttotal Status Flags
r-devel-linux-x86_64-debian-clang 0.3.3 6.11 58.68 64.79 OK
r-devel-linux-x86_64-debian-gcc 0.3.3 5.66 44.64 50.30 OK
r-devel-linux-x86_64-fedora-clang 0.3.3 88.17 NOTE
r-devel-linux-x86_64-fedora-gcc 0.3.3 90.20 NOTE
r-devel-windows-x86_64 0.3.3 28.00 96.00 124.00 OK
r-patched-linux-x86_64 0.3.3 5.47 56.65 62.12 OK
r-release-linux-x86_64 0.3.3 5.43 56.49 61.92 OK
r-release-macos-arm64 0.3.3 27.00 NOTE
r-release-macos-x86_64 0.3.3 53.00 NOTE
r-release-windows-x86_64 0.3.3 34.00 98.00 132.00 OK
r-oldrel-macos-arm64 0.3.3 30.00 NOTE
r-oldrel-macos-x86_64 0.3.3 40.00 NOTE
r-oldrel-windows-ix86+x86_64 0.3.3 16.00 67.00 83.00 OK

Check Details

Version: 0.3.3
Check: dependencies in R code
Result: NOTE
    Namespaces in Imports field not imported from:
     ‘memoise’ ‘tidyr’
     All declared Imports should be used.
Flavors: r-devel-linux-x86_64-fedora-clang, r-devel-linux-x86_64-fedora-gcc, r-release-macos-arm64, r-release-macos-x86_64, r-oldrel-macos-arm64, r-oldrel-macos-x86_64

Version: 0.3.3
Check: data for non-ASCII characters
Result: NOTE
     Note: found 37 marked UTF-8 strings
Flavors: r-devel-linux-x86_64-fedora-clang, r-devel-linux-x86_64-fedora-gcc, r-release-macos-arm64, r-release-macos-x86_64, r-oldrel-macos-arm64, r-oldrel-macos-x86_64

Version: 0.3.3
Check: package dependencies
Result: NOTE
    Packages suggested but not available for checking: 'showtext', 'sysfonts'
Flavor: r-oldrel-macos-arm64