CRAN Package Check Results for Package runjags

Last updated on 2019-08-22 04:47:31 CEST.

Flavor Version Tinstall Tcheck Ttotal Status Flags
r-devel-linux-x86_64-debian-clang 2.0.4-2 31.10 287.94 319.04 OK
r-devel-linux-x86_64-debian-gcc 2.0.4-2 23.51 216.91 240.42 OK
r-devel-linux-x86_64-fedora-clang 2.0.4-2 301.49 NOTE
r-devel-linux-x86_64-fedora-gcc 2.0.4-2 319.85 NOTE
r-devel-windows-ix86+x86_64 2.0.4-2 70.00 106.00 176.00 OK --no-examples --no-tests --no-vignettes
r-patched-linux-x86_64 2.0.4-2 27.08 279.23 306.31 OK
r-patched-solaris-x86 2.0.4-2 563.10 OK
r-release-linux-x86_64 2.0.4-2 25.39 281.99 307.38 OK
r-release-windows-ix86+x86_64 2.0.4-2 54.00 152.00 206.00 OK --no-examples --no-tests --no-vignettes
r-release-osx-x86_64 2.0.4-2 NOTE
r-oldrel-windows-ix86+x86_64 2.0.4-2 97.00 152.00 249.00 OK --no-examples --no-tests --no-vignettes
r-oldrel-osx-x86_64 2.0.4-2 OK

Check Details

Version: 2.0.4-2
Check: compiled code
Result: NOTE
    File ‘runjags/libs/runjags.so’:
     Found no calls to: ‘R_registerRoutines’, ‘R_useDynamicSymbols’
    
    It is good practice to register native routines and to disable symbol
    search.
    
    See ‘Writing portable packages’ in the ‘Writing R Extensions’ manual.
Flavors: r-devel-linux-x86_64-fedora-clang, r-devel-linux-x86_64-fedora-gcc

Version: 2.0.4-2
Check: package dependencies
Result: NOTE
    Package suggested but not available for checking: ‘modeest’
Flavor: r-release-osx-x86_64

Version: 2.0.4-2
Check: Rd cross-references
Result: NOTE
    Package unavailable to check Rd xrefs: ‘modeest’
Flavor: r-release-osx-x86_64