CRAN Package Check Results for Package rysgran

Last updated on 2020-06-01 14:50:03 CEST.

Flavor Version Tinstall Tcheck Ttotal Status Flags
r-devel-linux-x86_64-debian-clang 2.1.0 9.00 49.93 58.93 NOTE
r-devel-linux-x86_64-debian-gcc 2.1.0 6.63 38.65 45.28 NOTE
r-devel-linux-x86_64-fedora-clang 2.1.0 82.30 NOTE
r-devel-linux-x86_64-fedora-gcc 2.1.0 71.53 NOTE
r-devel-windows-ix86+x86_64 2.1.0 14.00 74.00 88.00 NOTE
r-patched-linux-x86_64 2.1.0 9.40 50.89 60.29 NOTE
r-patched-solaris-x86 2.1.0 105.30 NOTE
r-release-linux-x86_64 2.1.0 8.90 51.10 60.00 NOTE
r-release-osx-x86_64 2.1.0 NOTE
r-release-windows-ix86+x86_64 2.1.0 11.00 80.00 91.00 NOTE
r-oldrel-osx-x86_64 2.1.0 FAIL
r-oldrel-windows-ix86+x86_64 2.1.0 16.00 59.00 75.00 NOTE

Check Details

Version: 2.1.0
Check: DESCRIPTION meta-information
Result: NOTE
    Malformed Description field: should contain one or more complete sentences.
Flavors: r-devel-linux-x86_64-debian-clang, r-devel-linux-x86_64-debian-gcc, r-devel-linux-x86_64-fedora-clang, r-devel-linux-x86_64-fedora-gcc, r-devel-windows-ix86+x86_64, r-patched-linux-x86_64, r-patched-solaris-x86, r-release-linux-x86_64, r-release-osx-x86_64, r-release-windows-ix86+x86_64, r-oldrel-windows-ix86+x86_64

Version: 2.1.0
Check: R code for possible problems
Result: NOTE
    flemming.plot: no visible global function definition for 'par'
    flemming.plot: no visible global function definition for 'segments'
    flemming.plot: no visible global function definition for 'text'
    flemming.plot : triax.segments: no visible global function definition
     for 'segments'
    legend.bubbles: no visible global function definition for 'quantile'
    legend.bubbles: no visible global function definition for 'legend'
    other.methods: no visible global function definition for 'quantile'
    pejrup.plot: no visible global function definition for 'par'
    pejrup.plot: no visible global function definition for 'segments'
    pejrup.plot: no visible global function definition for 'text'
    pejrup.plot : triax.segments: no visible global function definition for
     'segments'
    pejrup.plot: no visible global function definition for 'legend'
    rysgran.plot: no visible global function definition for 'par'
    rysgran.plot: no visible global function definition for 'text'
    rysgran.plot: no visible global function definition for 'points'
    rysgran.plot: no visible global function definition for 'abline'
    rysgran.plot: no visible global function definition for 'mtext'
    rysgran.ternary: no visible global function definition for 'par'
    rysgran.ternary: no visible global function definition for 'points'
    rysgran.ternary: no visible global function definition for 'text'
    shepard.plot: no visible global function definition for 'par'
    shepard.plot: no visible global function definition for 'segments'
    shepard.plot: no visible global function definition for 'text'
    shepard.plot : triax.segments: no visible global function definition
     for 'segments'
    shepard.plot: no visible global function definition for 'legend'
    Undefined global functions or variables:
     abline legend mtext par points quantile segments text
    Consider adding
     importFrom("graphics", "abline", "legend", "mtext", "par", "points",
     "segments", "text")
     importFrom("stats", "quantile")
    to your NAMESPACE file.
Flavors: r-devel-linux-x86_64-debian-clang, r-devel-linux-x86_64-debian-gcc, r-devel-linux-x86_64-fedora-clang, r-devel-linux-x86_64-fedora-gcc, r-devel-windows-ix86+x86_64, r-patched-linux-x86_64, r-patched-solaris-x86, r-release-linux-x86_64, r-release-osx-x86_64, r-release-windows-ix86+x86_64

Version: 2.1.0
Check: whether package can be installed
Result: FAIL
Flavor: r-oldrel-osx-x86_64

Version: 2.1.0
Check: R code for possible problems
Result: NOTE
    flemming.plot: no visible global function definition for 'par'
    flemming.plot: no visible global function definition for 'segments'
    flemming.plot: no visible global function definition for 'text'
    flemming.plot : triax.segments: no visible global function definition
     for 'segments'
    legend.bubbles: no visible global function definition for 'quantile'
    legend.bubbles: no visible global function definition for 'legend'
    other.methods: no visible global function definition for 'quantile'
    pejrup.plot: no visible global function definition for 'par'
    pejrup.plot: no visible global function definition for 'segments'
    pejrup.plot: no visible global function definition for 'text'
    pejrup.plot : triax.segments: no visible global function definition for
     'segments'
    pejrup.plot: no visible global function definition for 'legend'
    rysgran.plot: no visible global function definition for 'par'
    rysgran.plot: no visible global function definition for 'plot'
    rysgran.plot: no visible global function definition for 'text'
    rysgran.plot: no visible global function definition for 'points'
    rysgran.plot: no visible global function definition for 'abline'
    rysgran.plot: no visible global function definition for 'mtext'
    rysgran.ternary: no visible global function definition for 'par'
    rysgran.ternary: no visible global function definition for 'plot'
    rysgran.ternary: no visible global function definition for 'points'
    rysgran.ternary: no visible global function definition for 'text'
    shepard.plot: no visible global function definition for 'par'
    shepard.plot: no visible global function definition for 'segments'
    shepard.plot: no visible global function definition for 'text'
    shepard.plot : triax.segments: no visible global function definition
     for 'segments'
    shepard.plot: no visible global function definition for 'legend'
    Undefined global functions or variables:
     abline legend mtext par plot points quantile segments text
    Consider adding
     importFrom("graphics", "abline", "legend", "mtext", "par", "plot",
     "points", "segments", "text")
     importFrom("stats", "quantile")
    to your NAMESPACE file.
Flavor: r-oldrel-windows-ix86+x86_64