Last updated on 2023-03-23 00:51:25 CET.
Flavor | Version | Tinstall | Tcheck | Ttotal | Status | Flags |
---|---|---|---|---|---|---|
r-devel-linux-x86_64-debian-clang | 1.0.0 | 8.74 | 70.85 | 79.59 | NOTE | |
r-devel-linux-x86_64-debian-gcc | 1.0.0 | 6.12 | 54.87 | 60.99 | NOTE | |
r-devel-linux-x86_64-fedora-clang | 1.0.0 | 99.49 | NOTE | |||
r-devel-linux-x86_64-fedora-gcc | 1.0.0 | 94.62 | NOTE | |||
r-patched-linux-x86_64 | 1.0.0 | 8.23 | 70.07 | 78.30 | NOTE | |
r-release-linux-x86_64 | 1.0.0 | 7.17 | 67.04 | 74.21 | NOTE | |
r-release-macos-arm64 | 1.0.0 | 31.00 | NOTE | |||
r-release-macos-x86_64 | 1.0.0 | 42.00 | NOTE | |||
r-release-windows-x86_64 | 1.0.0 | 15.00 | 102.00 | 117.00 | NOTE | |
r-oldrel-macos-arm64 | 1.0.0 | 37.00 | NOTE | |||
r-oldrel-macos-x86_64 | 1.0.0 | 60.00 | NOTE | |||
r-oldrel-windows-ix86+x86_64 | 1.0.0 | 19.00 | 97.00 | 116.00 | NOTE |
Version: 1.0.0
Check: LazyData
Result: NOTE
'LazyData' is specified without a 'data' directory
Flavors: r-devel-linux-x86_64-debian-clang, r-devel-linux-x86_64-debian-gcc, r-devel-linux-x86_64-fedora-clang, r-devel-linux-x86_64-fedora-gcc, r-patched-linux-x86_64, r-release-linux-x86_64, r-release-macos-arm64, r-release-macos-x86_64, r-release-windows-x86_64, r-oldrel-macos-arm64, r-oldrel-macos-x86_64, r-oldrel-windows-ix86+x86_64