CRAN Package Check Results for Package sRDA

Last updated on 2024-07-20 03:49:16 CEST.

Flavor Version Tinstall Tcheck Ttotal Status Flags
r-devel-linux-x86_64-debian-clang 1.0.0 9.52 64.41 73.93 NOTE
r-devel-linux-x86_64-debian-gcc 1.0.0 5.54 51.88 57.42 NOTE
r-devel-linux-x86_64-fedora-clang 1.0.0 97.01 NOTE
r-devel-linux-x86_64-fedora-gcc 1.0.0 92.18 NOTE
r-devel-windows-x86_64 1.0.0 8.00 73.00 81.00 NOTE
r-patched-linux-x86_64 1.0.0 5.79 64.22 70.01 NOTE
r-release-linux-x86_64 1.0.0 7.15 65.58 72.73 NOTE
r-release-macos-arm64 1.0.0 31.00 NOTE
r-release-macos-x86_64 1.0.0 45.00 NOTE
r-release-windows-x86_64 1.0.0 7.00 72.00 79.00 NOTE
r-oldrel-macos-arm64 1.0.0 34.00 NOTE
r-oldrel-macos-x86_64 1.0.0 53.00 NOTE
r-oldrel-windows-x86_64 1.0.0 10.00 80.00 90.00 NOTE

Check Details

Version: 1.0.0
Check: LazyData
Result: NOTE 'LazyData' is specified without a 'data' directory Flavors: r-devel-linux-x86_64-debian-clang, r-devel-linux-x86_64-debian-gcc, r-devel-linux-x86_64-fedora-clang, r-devel-linux-x86_64-fedora-gcc, r-devel-windows-x86_64, r-patched-linux-x86_64, r-release-linux-x86_64, r-release-macos-arm64, r-release-macos-x86_64, r-release-windows-x86_64, r-oldrel-macos-arm64, r-oldrel-macos-x86_64, r-oldrel-windows-x86_64