CRAN Package Check Results for Package saeSim

Last updated on 2022-08-15 13:52:10 CEST.

Flavor Version Tinstall Tcheck Ttotal Status Flags
r-devel-linux-x86_64-debian-clang 0.11.0 38.14 372.20 410.34 OK
r-devel-linux-x86_64-debian-gcc 0.11.0 32.73 269.80 302.53 OK
r-devel-linux-x86_64-fedora-clang 0.11.0 474.89 NOTE
r-devel-linux-x86_64-fedora-gcc 0.11.0 500.57 OK
r-devel-windows-x86_64 0.11.0 48.00 373.00 421.00 OK
r-patched-linux-x86_64 0.11.0 36.33 351.38 387.71 OK
r-release-linux-x86_64 0.11.0 34.70 348.32 383.02 OK
r-release-macos-arm64 0.11.0 108.00 OK
r-release-macos-x86_64 0.11.0 200.00 OK
r-release-windows-x86_64 0.11.0 49.00 637.00 686.00 OK
r-oldrel-macos-arm64 0.11.0 88.00 OK
r-oldrel-macos-x86_64 0.11.0 134.00 OK
r-oldrel-windows-ix86+x86_64 0.11.0 79.00 425.00 504.00 WARN

Check Details

Version: 0.11.0
Check: Rd cross-references
Result: NOTE
    Undeclared package ‘magrittr’ in Rd xrefs
Flavor: r-devel-linux-x86_64-fedora-clang

Version: 0.11.0
Check: re-building of vignette outputs
Result: WARN
    Error(s) in re-building vignettes:
    --- re-building 'Introduction.Rmd' using rmarkdown
    Error: processing vignette 'Introduction.Rmd' failed with diagnostics:
    there is no package called 'rmarkdown'
    --- failed re-building 'Introduction.Rmd'
    
    SUMMARY: processing the following file failed:
     'Introduction.Rmd'
    
    Error: Vignette re-building failed.
    Execution halted
Flavor: r-oldrel-windows-ix86+x86_64