Last updated on 2023-09-23 17:54:15 CEST.
Flavor | Version | Tinstall | Tcheck | Ttotal | Status | Flags |
---|---|---|---|---|---|---|
r-devel-linux-x86_64-debian-clang | 0.1.0 | 11.36 | 106.07 | 117.43 | NOTE | |
r-devel-linux-x86_64-debian-gcc | 0.1.0 | 8.80 | 78.10 | 86.90 | NOTE | |
r-devel-linux-x86_64-fedora-clang | 0.1.0 | 144.34 | NOTE | |||
r-devel-linux-x86_64-fedora-gcc | 0.1.0 | 146.91 | NOTE | |||
r-devel-windows-x86_64 | 0.1.0 | 11.00 | 91.00 | 102.00 | NOTE | |
r-patched-linux-x86_64 | 0.1.0 | 10.02 | 100.21 | 110.23 | NOTE | |
r-release-linux-x86_64 | 0.1.0 | 11.21 | 101.71 | 112.92 | NOTE | |
r-release-macos-arm64 | 0.1.0 | 42.00 | NOTE | |||
r-release-macos-x86_64 | 0.1.0 | 72.00 | NOTE | |||
r-release-windows-x86_64 | 0.1.0 | 15.00 | 106.00 | 121.00 | NOTE | |
r-oldrel-macos-arm64 | 0.1.0 | 38.00 | NOTE | |||
r-oldrel-macos-x86_64 | 0.1.0 | 73.00 | NOTE | |||
r-oldrel-windows-x86_64 | 0.1.0 | 16.00 | 110.00 | 126.00 | NOTE |
Version: 0.1.0
Check: LazyData
Result: NOTE
'LazyData' is specified without a 'data' directory
Flavors: r-devel-linux-x86_64-debian-clang, r-devel-linux-x86_64-debian-gcc, r-devel-linux-x86_64-fedora-clang, r-devel-linux-x86_64-fedora-gcc, r-devel-windows-x86_64, r-patched-linux-x86_64, r-release-linux-x86_64, r-release-macos-arm64, r-release-macos-x86_64, r-release-windows-x86_64, r-oldrel-macos-arm64, r-oldrel-macos-x86_64, r-oldrel-windows-x86_64