CRAN Package Check Results for Package sampling

Last updated on 2020-10-20 11:48:43 CEST.

Flavor Version Tinstall Tcheck Ttotal Status Flags
r-devel-linux-x86_64-debian-clang 2.8 8.68 98.31 106.99 OK
r-devel-linux-x86_64-debian-gcc 2.8 6.31 73.40 79.71 OK
r-devel-linux-x86_64-fedora-clang 2.8 137.97 NOTE
r-devel-linux-x86_64-fedora-gcc 2.8 127.41 NOTE
r-devel-windows-ix86+x86_64 2.8 10.00 228.00 238.00 OK
r-patched-linux-x86_64 2.8 8.18 94.10 102.28 OK
r-patched-solaris-x86 2.8 191.80 OK
r-release-linux-x86_64 2.8 8.36 96.00 104.36 OK
r-release-macos-x86_64 2.8 OK
r-release-windows-ix86+x86_64 2.8 13.00 816.00 829.00 OK
r-oldrel-macos-x86_64 2.8 OK
r-oldrel-windows-ix86+x86_64 2.8 9.00 269.00 278.00 OK

Check Details

Version: 2.8
Check: compiled code
Result: NOTE
    File ‘sampling/libs/sampling.so’:
     Found no calls to: ‘R_registerRoutines’, ‘R_useDynamicSymbols’
    
    It is good practice to register native routines and to disable symbol
    search.
    
    See ‘Writing portable packages’ in the ‘Writing R Extensions’ manual.
Flavors: r-devel-linux-x86_64-fedora-clang, r-devel-linux-x86_64-fedora-gcc