Last updated on 2022-05-24 10:51:14 CEST.
Flavor | Version | Tinstall | Tcheck | Ttotal | Status | Flags |
---|---|---|---|---|---|---|
r-devel-linux-x86_64-debian-clang | 2.0.0 | 1.87 | 39.34 | 41.21 | NOTE | |
r-devel-linux-x86_64-debian-gcc | 2.0.0 | 2.33 | 31.55 | 33.88 | NOTE | |
r-devel-linux-x86_64-fedora-clang | 2.0.0 | 54.58 | NOTE | |||
r-devel-linux-x86_64-fedora-gcc | 2.0.0 | 39.39 | NOTE | |||
r-devel-windows-x86_64 | 2.0.0 | 22.00 | 57.00 | 79.00 | OK | |
r-patched-linux-x86_64 | 2.0.0 | 3.16 | 39.41 | 42.57 | NOTE | |
r-release-linux-x86_64 | 2.0.0 | NOTE | ||||
r-release-macos-arm64 | 2.0.0 | 22.00 | NOTE | |||
r-release-macos-x86_64 | 2.0.0 | 24.00 | NOTE | |||
r-release-windows-x86_64 | 2.0.0 | 26.00 | 58.00 | 84.00 | OK | |
r-oldrel-macos-arm64 | 2.0.0 | 25.00 | NOTE | |||
r-oldrel-macos-x86_64 | 2.0.0 | 34.00 | NOTE | |||
r-oldrel-windows-ix86+x86_64 | 2.0.0 | 7.00 | 51.00 | 58.00 | OK |
Version: 2.0.0
Check: package dependencies
Result: NOTE
Package suggested but not available for checking: 'networkTomography'
Flavors: r-devel-linux-x86_64-debian-clang, r-devel-linux-x86_64-debian-gcc, r-devel-linux-x86_64-fedora-clang, r-devel-linux-x86_64-fedora-gcc, r-patched-linux-x86_64, r-release-linux-x86_64
Version: 2.0.0
Check: data for non-ASCII characters
Result: NOTE
Note: found 6 marked UTF-8 strings
Flavors: r-devel-linux-x86_64-fedora-clang, r-devel-linux-x86_64-fedora-gcc, r-release-macos-arm64, r-release-macos-x86_64, r-oldrel-macos-arm64, r-oldrel-macos-x86_64
Version: 2.0.0
Check: package dependencies
Result: NOTE
Packages suggested but not available for checking:
'GO.db', 'GOstats', 'org.Sc.sgd.db'
Flavors: r-release-macos-arm64, r-oldrel-macos-arm64
Version: 2.0.0
Check: package dependencies
Result: NOTE
Packages suggested but not available for checking: 'GO.db', 'org.Sc.sgd.db'
Flavor: r-oldrel-macos-x86_64