CRAN Package Check Results for Package sapevom

Last updated on 2022-05-26 00:55:02 CEST.

Flavor Version Tinstall Tcheck Ttotal Status Flags
r-devel-linux-x86_64-debian-clang 0.2.0 2.10 32.58 34.68 NOTE
r-devel-linux-x86_64-debian-gcc 0.2.0 1.64 25.70 27.34 NOTE
r-devel-linux-x86_64-fedora-clang 0.2.0 42.55 NOTE
r-devel-linux-x86_64-fedora-gcc 0.2.0 31.39 NOTE
r-devel-windows-x86_64 0.2.0 14.00 50.00 64.00 NOTE
r-patched-linux-x86_64 0.2.0 2.14 31.79 33.93 NOTE
r-release-linux-x86_64 0.2.0 NOTE
r-release-macos-arm64 0.2.0 14.00 NOTE
r-release-macos-x86_64 0.2.0 21.00 NOTE
r-release-windows-x86_64 0.2.0 14.00 50.00 64.00 NOTE
r-oldrel-macos-arm64 0.2.0 17.00 NOTE
r-oldrel-macos-x86_64 0.2.0 26.00 NOTE
r-oldrel-windows-ix86+x86_64 0.2.0 5.00 40.00 45.00 NOTE

Check Details

Version: 0.2.0
Check: LazyData
Result: NOTE
     'LazyData' is specified without a 'data' directory
Flavors: r-devel-linux-x86_64-debian-clang, r-devel-linux-x86_64-debian-gcc, r-devel-linux-x86_64-fedora-clang, r-devel-linux-x86_64-fedora-gcc, r-devel-windows-x86_64, r-patched-linux-x86_64, r-release-linux-x86_64, r-release-macos-arm64, r-release-macos-x86_64, r-release-windows-x86_64, r-oldrel-macos-arm64, r-oldrel-macos-x86_64, r-oldrel-windows-ix86+x86_64