CRAN Package Check Results for Package sapevom

Last updated on 2022-09-25 18:51:35 CEST.

Flavor Version Tinstall Tcheck Ttotal Status Flags
r-devel-linux-x86_64-debian-clang 0.2.0 1.87 24.05 25.92 NOTE
r-devel-linux-x86_64-debian-gcc 0.2.0 1.71 19.16 20.87 NOTE
r-devel-linux-x86_64-fedora-clang 0.2.0 43.85 NOTE
r-devel-linux-x86_64-fedora-gcc 0.2.0 42.55 NOTE
r-devel-windows-x86_64 0.2.0 7.00 55.00 62.00 NOTE
r-patched-linux-x86_64 0.2.0 1.89 23.67 25.56 NOTE
r-release-linux-x86_64 0.2.0 1.58 23.60 25.18 NOTE
r-release-macos-arm64 0.2.0 14.00 NOTE
r-release-macos-x86_64 0.2.0 21.00 NOTE
r-release-windows-x86_64 0.2.0 11.00 50.00 61.00 NOTE
r-oldrel-macos-arm64 0.2.0 17.00 NOTE
r-oldrel-macos-x86_64 0.2.0 26.00 NOTE
r-oldrel-windows-ix86+x86_64 0.2.0 5.00 47.00 52.00 NOTE

Check Details

Version: 0.2.0
Check: LazyData
Result: NOTE
     'LazyData' is specified without a 'data' directory
Flavors: r-devel-linux-x86_64-debian-clang, r-devel-linux-x86_64-debian-gcc, r-devel-linux-x86_64-fedora-clang, r-devel-linux-x86_64-fedora-gcc, r-devel-windows-x86_64, r-patched-linux-x86_64, r-release-linux-x86_64, r-release-macos-arm64, r-release-macos-x86_64, r-release-windows-x86_64, r-oldrel-macos-arm64, r-oldrel-macos-x86_64, r-oldrel-windows-ix86+x86_64