CRAN Package Check Results for Package sars

Last updated on 2020-12-03 10:49:15 CET.

Flavor Version Tinstall Tcheck Ttotal Status Flags
r-devel-linux-x86_64-debian-clang 1.3.0 8.50 448.82 457.32 OK
r-devel-linux-x86_64-debian-gcc 1.3.0 8.70 321.33 330.03 OK
r-devel-linux-x86_64-fedora-clang 1.3.0 527.34 NOTE
r-devel-linux-x86_64-fedora-gcc 1.3.0 538.92 NOTE
r-devel-windows-ix86+x86_64 1.3.0 16.00 387.00 403.00 OK
r-patched-linux-x86_64 1.3.0 8.53 441.69 450.22 OK
r-patched-solaris-x86 1.3.0 594.90 NOTE
r-release-linux-x86_64 1.3.0 9.08 438.26 447.34 OK
r-release-macos-x86_64 1.3.0 NOTE
r-release-windows-ix86+x86_64 1.3.0 13.00 554.00 567.00 OK
r-oldrel-macos-x86_64 1.3.0 NOTE
r-oldrel-windows-ix86+x86_64 1.3.0 12.00 513.00 525.00 OK

Check Details

Version: 1.3.0
Check: dependencies in R code
Result: NOTE
    Namespace in Imports field not imported from: ‘dplyr’
     All declared Imports should be used.
Flavors: r-devel-linux-x86_64-fedora-clang, r-devel-linux-x86_64-fedora-gcc, r-patched-solaris-x86, r-release-macos-x86_64, r-oldrel-macos-x86_64