CRAN Package Check Results for Package sas7bdat

Last updated on 2019-10-14 04:46:33 CEST.

Flavor Version Tinstall Tcheck Ttotal Status Flags
r-devel-linux-x86_64-debian-clang 0.5 1.83 26.74 28.57 NOTE
r-devel-linux-x86_64-debian-gcc 0.5 1.82 21.41 23.23 NOTE
r-devel-linux-x86_64-fedora-clang 0.5 38.63 NOTE
r-devel-linux-x86_64-fedora-gcc 0.5 36.30 NOTE
r-devel-windows-ix86+x86_64 0.5 8.00 39.00 47.00 NOTE
r-patched-linux-x86_64 0.5 1.74 25.98 27.72 NOTE
r-patched-solaris-x86 0.5 53.10 NOTE
r-release-linux-x86_64 0.5 1.74 26.41 28.15 NOTE
r-release-windows-ix86+x86_64 0.5 5.00 58.00 63.00 NOTE
r-release-osx-x86_64 0.5 NOTE
r-oldrel-windows-ix86+x86_64 0.5 3.00 38.00 41.00 NOTE
r-oldrel-osx-x86_64 0.5 NOTE

Check Details

Version: 0.5
Check: R code for possible problems
Result: NOTE
    download.sas7bdat.sources : <anonymous>: no visible global function
     definition for 'download.file'
    generate.sas7bdat.source: no visible global function definition for
     'download.file'
    Undefined global functions or variables:
     download.file
    Consider adding
     importFrom("utils", "download.file")
    to your NAMESPACE file.
Flavors: r-devel-linux-x86_64-debian-clang, r-devel-linux-x86_64-debian-gcc, r-devel-linux-x86_64-fedora-clang, r-devel-linux-x86_64-fedora-gcc, r-devel-windows-ix86+x86_64, r-patched-linux-x86_64, r-patched-solaris-x86, r-release-linux-x86_64, r-release-windows-ix86+x86_64, r-release-osx-x86_64, r-oldrel-windows-ix86+x86_64, r-oldrel-osx-x86_64