Last updated on 2023-12-04 20:10:12 CET.
Flavor | Version | Tinstall | Tcheck | Ttotal | Status | Flags |
---|---|---|---|---|---|---|
r-devel-linux-x86_64-debian-clang | 0.4.7 | 243.13 | 60.72 | 303.85 | WARN | |
r-devel-linux-x86_64-debian-gcc | 0.4.7 | 160.65 | 49.12 | 209.77 | NOTE | |
r-devel-linux-x86_64-fedora-clang | 0.4.7 | 561.06 | WARN | |||
r-devel-linux-x86_64-fedora-gcc | 0.4.7 | 452.98 | NOTE | |||
r-devel-windows-x86_64 | 0.4.7 | 212.00 | 116.00 | 328.00 | NOTE | |
r-patched-linux-x86_64 | 0.4.7 | 182.54 | 64.08 | 246.62 | NOTE | |
r-release-linux-x86_64 | 0.4.7 | 204.28 | 65.54 | 269.82 | NOTE | |
r-release-macos-arm64 | 0.4.7 | 98.00 | NOTE | |||
r-release-macos-x86_64 | 0.4.7 | 273.00 | NOTE | |||
r-release-windows-x86_64 | 0.4.7 | 272.00 | 131.00 | 403.00 | NOTE | |
r-oldrel-macos-arm64 | 0.4.7 | 100.00 | NOTE | |||
r-oldrel-macos-x86_64 | 0.4.7 | 158.00 | NOTE | |||
r-oldrel-windows-x86_64 | 0.4.7 | 247.00 | 125.00 | 372.00 | NOTE |
Version: 0.4.7
Check: whether package can be installed
Result: WARN
Found the following significant warnings:
compile.c:103:11: warning: format string is not a string literal (potentially insecure) [-Wformat-security]
compile.c:132:11: warning: format string is not a string literal (potentially insecure) [-Wformat-security]
See ‘/home/hornik/tmp/R.check/r-devel-clang/Work/PKGS/sass.Rcheck/00install.out’ for details.
* used C compiler: ‘Debian clang version 17.0.5 (1)’
* used C++ compiler: ‘Debian clang version 17.0.5 (1)’
Flavor: r-devel-linux-x86_64-debian-clang
Version: 0.4.7
Check: for GNU extensions in Makefiles
Result: NOTE
GNU make is a SystemRequirements.
Flavors: r-devel-linux-x86_64-debian-clang, r-devel-linux-x86_64-debian-gcc, r-devel-linux-x86_64-fedora-clang, r-devel-linux-x86_64-fedora-gcc, r-devel-windows-x86_64, r-patched-linux-x86_64, r-release-linux-x86_64, r-release-macos-arm64, r-release-macos-x86_64, r-release-windows-x86_64, r-oldrel-macos-arm64, r-oldrel-macos-x86_64, r-oldrel-windows-x86_64
Version: 0.4.7
Check: whether package can be installed
Result: WARN
Found the following significant warnings:
compile.c:103:11: warning: format string is not a string literal (potentially insecure) [-Wformat-security]
compile.c:132:11: warning: format string is not a string literal (potentially insecure) [-Wformat-security]
See ‘/data/gannet/ripley/R/packages/tests-clang/sass.Rcheck/00install.out’ for details.
* used C compiler: ‘clang version 17.0.5’
* used C++ compiler: ‘clang version 17.0.5’
Flavor: r-devel-linux-x86_64-fedora-clang
Version: 0.4.7
Check: installed package size
Result: NOTE
installed size is 5.4Mb
sub-directories of 1Mb or more:
doc 1.7Mb
libs 3.2Mb
Flavors: r-devel-linux-x86_64-fedora-clang, r-devel-windows-x86_64, r-release-macos-arm64, r-release-macos-x86_64, r-release-windows-x86_64, r-oldrel-macos-arm64, r-oldrel-macos-x86_64, r-oldrel-windows-x86_64