CRAN Package Check Results for Package sate

Last updated on 2023-06-03 02:51:30 CEST.

Flavor Version Tinstall Tcheck Ttotal Status Flags
r-devel-linux-x86_64-debian-clang 1.1.0 1.95 22.26 24.21 NOTE
r-devel-linux-x86_64-debian-gcc 1.1.0 1.66 17.67 19.33 NOTE
r-devel-linux-x86_64-fedora-clang 1.1.0 31.07 NOTE
r-devel-linux-x86_64-fedora-gcc 1.1.0 29.44 NOTE
r-devel-windows-x86_64 1.1.0 4.00 42.00 46.00 NOTE
r-patched-linux-x86_64 1.1.0 NOTE
r-release-linux-x86_64 1.1.0 1.53 21.85 23.38 NOTE
r-release-macos-arm64 1.1.0 17.00 NOTE
r-release-macos-x86_64 1.1.0 19.00 NOTE
r-release-windows-x86_64 1.1.0 3.00 40.00 43.00 NOTE
r-oldrel-macos-arm64 1.1.0 17.00 NOTE
r-oldrel-macos-x86_64 1.1.0 22.00 NOTE
r-oldrel-windows-x86_64 1.1.0 4.00 42.00 46.00 NOTE

Check Details

Version: 1.1.0
Check: LazyData
Result: NOTE
     'LazyData' is specified without a 'data' directory
Flavors: r-devel-linux-x86_64-debian-clang, r-devel-linux-x86_64-debian-gcc, r-devel-linux-x86_64-fedora-clang, r-devel-linux-x86_64-fedora-gcc, r-devel-windows-x86_64, r-patched-linux-x86_64, r-release-linux-x86_64, r-release-macos-arm64, r-release-macos-x86_64, r-release-windows-x86_64, r-oldrel-macos-arm64, r-oldrel-macos-x86_64, r-oldrel-windows-x86_64