CRAN Package Check Results for Package savonliquide

Last updated on 2022-01-22 22:52:25 CET.

Flavor Version Tinstall Tcheck Ttotal Status Flags
r-devel-linux-x86_64-debian-clang 0.2.0 2.16 30.34 32.50 NOTE
r-devel-linux-x86_64-debian-gcc 0.2.0 1.28 24.12 25.40 NOTE
r-devel-linux-x86_64-fedora-clang 0.2.0 40.78 NOTE
r-devel-linux-x86_64-fedora-gcc 0.2.0 29.46 NOTE
r-devel-windows-x86_64-new-UL 0.2.0 48.00 52.00 100.00 NOTE
r-devel-windows-x86_64-new-TK 0.2.0 NOTE
r-patched-linux-x86_64 0.2.0 2.08 29.71 31.79 NOTE
r-release-linux-x86_64 0.2.0 1.89 29.52 31.41 NOTE
r-release-macos-arm64 0.2.0 NOTE
r-release-macos-x86_64 0.2.0 NOTE
r-release-windows-ix86+x86_64 0.2.0 6.00 53.00 59.00 ERROR
r-oldrel-macos-x86_64 0.2.0 NOTE
r-oldrel-windows-ix86+x86_64 0.2.0 6.00 40.00 46.00 OK

Check Details

Version: 0.2.0
Check: LazyData
Result: NOTE
     'LazyData' is specified without a 'data' directory
Flavors: r-devel-linux-x86_64-debian-clang, r-devel-linux-x86_64-debian-gcc, r-devel-linux-x86_64-fedora-clang, r-devel-linux-x86_64-fedora-gcc, r-devel-windows-x86_64-new-UL, r-devel-windows-x86_64-new-TK, r-patched-linux-x86_64, r-release-linux-x86_64, r-release-macos-arm64, r-release-macos-x86_64, r-release-windows-ix86+x86_64

Version: 0.2.0
Check: dependencies in R code
Result: NOTE
    Namespace in Imports field not imported from: ‘crayon’
     All declared Imports should be used.
Flavors: r-devel-linux-x86_64-fedora-clang, r-devel-linux-x86_64-fedora-gcc, r-devel-windows-x86_64-new-TK, r-release-macos-arm64, r-release-macos-x86_64, r-oldrel-macos-x86_64

Version: 0.2.0
Check: examples
Result: ERROR
    Running examples in 'savonliquide-Ex.R' failed
    The error most likely occurred in:
    
    > ### Name: check_contrast
    > ### Title: Color Contrast Accessibility Report
    > ### Aliases: check_contrast
    >
    > ### ** Examples
    >
    >
    > check_contrast(fg_col = "#21EA06", bg_col = "#483D3D")
    Error in eval(parse(text = text, keep.source = FALSE), envir) :
     object 'response' not found
    Calls: check_contrast ... <Anonymous> -> %||% -> .transformer -> eval -> eval
    Execution halted
Flavor: r-release-windows-ix86+x86_64