CRAN Package Check Results for Package sbtools

Last updated on 2021-04-16 10:50:32 CEST.

Flavor Version Tinstall Tcheck Ttotal Status Flags
r-devel-linux-x86_64-debian-clang 1.1.14 4.15 37.73 41.88 OK
r-devel-linux-x86_64-debian-gcc 1.1.14 2.93 29.74 32.67 OK
r-devel-linux-x86_64-fedora-clang 1.1.14 62.00 OK
r-devel-linux-x86_64-fedora-gcc 1.1.14 49.62 OK
r-devel-windows-ix86+x86_64 1.1.14 8.00 108.00 116.00 ERROR
r-devel-windows-x86_64-gcc10-UCRT 1.1.14 OK
r-patched-linux-x86_64 1.1.14 3.65 35.87 39.52 OK
r-patched-solaris-x86 1.1.14 77.40 OK
r-release-linux-x86_64 1.1.14 4.05 35.96 40.01 OK
r-release-macos-x86_64 1.1.14 OK
r-release-windows-ix86+x86_64 1.1.14 24.00 108.00 132.00 OK
r-oldrel-macos-x86_64 1.1.14 OK
r-oldrel-windows-ix86+x86_64 1.1.14 6.00 80.00 86.00 OK

Check Details

Version: 1.1.14
Check: tests
Result: ERROR
     Running 'testthat.R' [46s]
    Running the tests in 'tests/testthat.R' failed.
    Complete output:
     > library(testthat)
     > test_check('sbtools')
     Loading required package: sbtools
     == Skipped tests ===============================================================
     * On CRAN (11)
    
     == Failed tests ================================================================
     -- Error (test-REST.R:59:2): REST_helpers tests --------------------------------
     Error: OpenSSL SSL_read: SSL_ERROR_SYSCALL, errno 10054
     Backtrace:
     x
     1. \-sbtools::sbtools_DELETE(...) test-REST.R:59:8
     2. \-httr::DELETE(...)
     3. \-httr:::request_perform(req, hu$handle$handle)
     4. +-httr:::request_fetch(req$output, req$url, handle)
     5. \-httr:::request_fetch.write_memory(req$output, req$url, handle)
     6. \-curl::curl_fetch_memory(url, handle = handle)
    
     [ FAIL 1 | WARN 0 | SKIP 11 | PASS 4 ]
     Error: Test failures
     Execution halted
Flavor: r-devel-windows-ix86+x86_64