CRAN Package Check Results for Package scDiffCom

Last updated on 2022-10-07 23:08:48 CEST.

Flavor Version Tinstall Tcheck Ttotal Status Flags
r-devel-linux-x86_64-debian-clang 0.1.0 35.83 291.54 327.37 NOTE
r-devel-linux-x86_64-debian-gcc 0.1.0 29.48 291.82 321.30 NOTE
r-devel-linux-x86_64-fedora-clang 0.1.0 477.34 NOTE
r-devel-linux-x86_64-fedora-gcc 0.1.0 438.67 NOTE
r-devel-windows-x86_64 0.1.0 61.00 311.00 372.00 OK
r-patched-linux-x86_64 0.1.0 28.68 322.82 351.50 OK
r-release-linux-x86_64 0.1.0 24.52 335.74 360.26 OK
r-release-macos-arm64 0.1.0 108.00 NOTE
r-release-macos-x86_64 0.1.0 190.00 NOTE
r-release-windows-x86_64 0.1.0 64.00 309.00 373.00 OK
r-oldrel-macos-arm64 0.1.0 163.00 NOTE
r-oldrel-macos-x86_64 0.1.0 147.00 NOTE
r-oldrel-windows-ix86+x86_64 0.1.0 70.00 313.00 383.00 OK

Check Details

Version: 0.1.0
Check: package dependencies
Result: NOTE
    Package suggested but not available for checking: 'SingleCellSignalR'
Flavors: r-devel-linux-x86_64-debian-clang, r-devel-linux-x86_64-debian-gcc, r-devel-linux-x86_64-fedora-clang, r-devel-linux-x86_64-fedora-gcc

Version: 0.1.0
Check: dependencies in R code
Result: NOTE
    Namespaces in Imports field not imported from:
     ‘future’ ‘utils’
     All declared Imports should be used.
Flavors: r-devel-linux-x86_64-fedora-clang, r-devel-linux-x86_64-fedora-gcc, r-release-macos-arm64, r-release-macos-x86_64, r-oldrel-macos-arm64, r-oldrel-macos-x86_64

Version: 0.1.0
Check: package dependencies
Result: NOTE
    Package suggested but not available for checking: ‘ontoProc’
Flavor: r-release-macos-arm64

Version: 0.1.0
Check: package dependencies
Result: NOTE
    Packages suggested but not available for checking:
     'ontoProc', 'SingleCellSignalR'
Flavor: r-oldrel-macos-x86_64