CRAN Package Check Results for Package scagnostics

Last updated on 2020-02-21 00:49:54 CET.

Flavor Version Tinstall Tcheck Ttotal Status Flags
r-devel-linux-x86_64-debian-clang 0.2-4.1 3.69 34.00 37.69 NOTE
r-devel-linux-x86_64-debian-gcc 0.2-4.1 2.81 26.02 28.83 NOTE
r-devel-linux-x86_64-fedora-clang 0.2-4.1 46.10 NOTE
r-devel-linux-x86_64-fedora-gcc 0.2-4.1 46.73 NOTE
r-devel-windows-ix86+x86_64 0.2-4.1 7.00 40.00 47.00 OK
r-devel-windows-ix86+x86_64-gcc8 0.2-4.1 11.00 41.00 52.00 OK
r-patched-linux-x86_64 0.2-4.1 3.05 29.72 32.77 NOTE
r-patched-solaris-x86 0.2-4.1 61.50 OK
r-release-linux-x86_64 0.2-4.1 2.77 29.76 32.53 NOTE
r-release-windows-ix86+x86_64 0.2-4.1 7.00 55.00 62.00 OK
r-release-osx-x86_64 0.2-4.1 OK
r-oldrel-windows-ix86+x86_64 0.2-4.1 4.00 38.00 42.00 OK
r-oldrel-osx-x86_64 0.2-4.1 OK

Check Details

Version: 0.2-4.1
Check: top-level files
Result: NOTE
    Non-standard file/directory found at top level:
     'src-java'
Flavors: r-devel-linux-x86_64-debian-clang, r-devel-linux-x86_64-debian-gcc, r-devel-linux-x86_64-fedora-clang, r-devel-linux-x86_64-fedora-gcc, r-patched-linux-x86_64, r-release-linux-x86_64