CRAN Package Check Results for Package scagnostics

Last updated on 2019-09-18 01:47:05 CEST.

Flavor Version Tinstall Tcheck Ttotal Status Flags
r-devel-linux-x86_64-debian-clang 0.2-4.1 3.05 30.59 33.64 NOTE
r-devel-linux-x86_64-debian-gcc 0.2-4.1 2.41 23.92 26.33 NOTE
r-devel-linux-x86_64-fedora-clang 0.2-4.1 41.25 NOTE
r-devel-linux-x86_64-fedora-gcc 0.2-4.1 40.81 NOTE
r-devel-windows-ix86+x86_64 0.2-4.1 7.00 5.00 12.00 ERROR
r-patched-linux-x86_64 0.2-4.1 2.35 30.16 32.51 NOTE
r-patched-solaris-x86 0.2-4.1 66.10 OK
r-release-linux-x86_64 0.2-4.1 2.48 29.97 32.45 NOTE
r-release-windows-ix86+x86_64 0.2-4.1 7.00 55.00 62.00 OK
r-release-osx-x86_64 0.2-4.1 OK
r-oldrel-windows-ix86+x86_64 0.2-4.1 4.00 38.00 42.00 OK
r-oldrel-osx-x86_64 0.2-4.1 OK

Check Details

Version: 0.2-4.1
Check: top-level files
Result: NOTE
    Non-standard file/directory found at top level:
     'src-java'
Flavors: r-devel-linux-x86_64-debian-clang, r-devel-linux-x86_64-debian-gcc, r-devel-linux-x86_64-fedora-clang, r-devel-linux-x86_64-fedora-gcc, r-patched-linux-x86_64, r-release-linux-x86_64

Version: 0.2-4.1
Check: whether package can be installed
Result: ERROR
    Installation failed.
Flavor: r-devel-windows-ix86+x86_64