CRAN Package Check Results for Package scape

Last updated on 2021-03-07 14:49:13 CET.

Flavor Version Tinstall Tcheck Ttotal Status Flags
r-devel-linux-x86_64-debian-clang 2.3.3 14.32 152.17 166.49 OK
r-devel-linux-x86_64-debian-gcc 2.3.3 10.64 113.36 124.00 OK
r-devel-linux-x86_64-fedora-clang 2.3.3 203.19 OK
r-devel-linux-x86_64-fedora-gcc 2.3.3 192.22 OK
r-devel-windows-ix86+x86_64 2.3.3 31.00 159.00 190.00 OK
r-devel-windows-x86_64-gcc10-UCRT 2.3.3 OK
r-patched-linux-x86_64 2.3.3 13.07 139.10 152.17 OK
r-patched-solaris-x86 2.3.3 264.20 NOTE
r-release-linux-x86_64 2.3.3 13.08 140.02 153.10 OK
r-release-macos-x86_64 2.3.3 OK
r-release-windows-ix86+x86_64 2.3.3 32.00 137.00 169.00 OK
r-oldrel-macos-x86_64 2.3.3 OK
r-oldrel-windows-ix86+x86_64 2.3.3 28.00 129.00 157.00 OK

Check Details

Version: 2.3.3
Check: installed package size
Result: NOTE
     installed size is 5.2Mb
     sub-directories of 1Mb or more:
     doc 1.5Mb
     example 2.7Mb
Flavor: r-patched-solaris-x86