CRAN Package Check Results for Package scatr

Last updated on 2020-02-22 19:47:32 CET.

Flavor Version Tinstall Tcheck Ttotal Status Flags
r-devel-linux-x86_64-debian-clang 1.0.1 5.97 19.31 25.28 OK
r-devel-linux-x86_64-debian-gcc 1.0.1 3.86 15.44 19.30 OK
r-devel-linux-x86_64-fedora-clang 1.0.1 30.32 NOTE
r-devel-linux-x86_64-fedora-gcc 1.0.1 29.93 NOTE
r-devel-windows-ix86+x86_64 1.0.1 10.00 30.00 40.00 OK
r-devel-windows-ix86+x86_64-gcc8 1.0.1 13.00 30.00 43.00 OK
r-patched-linux-x86_64 1.0.1 OK
r-patched-solaris-x86 1.0.1 40.60 NOTE
r-release-linux-x86_64 1.0.1 4.56 17.65 22.21 OK
r-release-windows-ix86+x86_64 1.0.1 7.00 32.00 39.00 OK
r-release-osx-x86_64 1.0.1 NOTE
r-oldrel-windows-ix86+x86_64 1.0.1 5.00 26.00 31.00 OK
r-oldrel-osx-x86_64 1.0.1 NOTE

Check Details

Version: 1.0.1
Check: dependencies in R code
Result: NOTE
    Namespaces in Imports field not imported from:
     ‘R6’ ‘cowplot’ ‘ggplot2’ ‘ggridges’ ‘ggstance’ ‘jmvcore’
     All declared Imports should be used.
Flavors: r-devel-linux-x86_64-fedora-clang, r-devel-linux-x86_64-fedora-gcc, r-patched-solaris-x86, r-release-osx-x86_64, r-oldrel-osx-x86_64