CRAN Package Check Results for Package scattermore

Last updated on 2021-05-14 16:47:45 CEST.

Flavor Version Tinstall Tcheck Ttotal Status Flags
r-devel-linux-x86_64-debian-clang 0.7 4.29 60.84 65.13 NOTE
r-devel-linux-x86_64-debian-gcc 0.7 3.76 46.86 50.62 NOTE
r-devel-linux-x86_64-fedora-clang 0.7 89.26 NOTE
r-devel-linux-x86_64-fedora-gcc 0.7 75.61 NOTE
r-devel-windows-ix86+x86_64 0.7 15.00 91.00 106.00 NOTE
r-devel-windows-x86_64-gcc10-UCRT 0.7 NOTE
r-patched-linux-x86_64 0.7 4.60 57.31 61.91 NOTE
r-patched-solaris-x86 0.7 134.40 NOTE
r-release-linux-x86_64 0.7 4.48 56.75 61.23 OK
r-release-macos-x86_64 0.7 OK
r-release-windows-ix86+x86_64 0.7 12.00 123.00 135.00 OK
r-oldrel-macos-x86_64 0.7 OK
r-oldrel-windows-ix86+x86_64 0.7 14.00 118.00 132.00 OK

Check Details

Version: 0.7
Check: LazyData
Result: NOTE
     'LazyData' is specified without a 'data' directory
Flavors: r-devel-linux-x86_64-debian-clang, r-devel-linux-x86_64-debian-gcc, r-devel-linux-x86_64-fedora-clang, r-devel-linux-x86_64-fedora-gcc, r-devel-windows-ix86+x86_64, r-devel-windows-x86_64-gcc10-UCRT, r-patched-linux-x86_64, r-patched-solaris-x86