CRAN Package Check Results for Package schrute

Last updated on 2020-11-29 05:47:31 CET.

Flavor Version Tinstall Tcheck Ttotal Status Flags
r-devel-linux-x86_64-debian-clang 0.2.2 6.21 34.51 40.72 OK
r-devel-linux-x86_64-debian-gcc 0.2.2 5.61 30.69 36.30 OK
r-devel-linux-x86_64-fedora-clang 0.2.2 53.16 NOTE
r-devel-linux-x86_64-fedora-gcc 0.2.2 43.68 NOTE
r-devel-windows-ix86+x86_64 0.2.2 11.00 37.00 48.00 OK
r-patched-linux-x86_64 0.2.2 5.30 37.48 42.78 OK
r-patched-solaris-x86 0.2.2 66.10 NOTE
r-release-linux-x86_64 0.2.2 5.26 38.22 43.48 OK
r-release-macos-x86_64 0.2.2 NOTE
r-release-windows-ix86+x86_64 0.2.2 7.00 36.00 43.00 OK
r-oldrel-macos-x86_64 0.2.2 NOTE
r-oldrel-windows-ix86+x86_64 0.2.2 7.00 48.00 55.00 OK

Check Details

Version: 0.2.2
Check: dependencies in R code
Result: NOTE
    Namespaces in Imports field not imported from:
     ‘dplyr’ ‘ggplot2’ ‘stringi’ ‘stringr’ ‘tibble’ ‘tidyr’ ‘tidytext’
     All declared Imports should be used.
Flavors: r-devel-linux-x86_64-fedora-clang, r-devel-linux-x86_64-fedora-gcc, r-patched-solaris-x86, r-release-macos-x86_64, r-oldrel-macos-x86_64

Version: 0.2.2
Check: data for non-ASCII characters
Result: NOTE
     Note: found 464 marked UTF-8 strings
Flavors: r-devel-linux-x86_64-fedora-clang, r-devel-linux-x86_64-fedora-gcc, r-patched-solaris-x86, r-release-macos-x86_64, r-oldrel-macos-x86_64