CRAN Package Check Results for Package schumaker

Last updated on 2021-04-16 08:48:41 CEST.

Flavor Version Tinstall Tcheck Ttotal Status Flags
r-devel-linux-x86_64-debian-clang 1.2 2.07 250.96 253.03 NOTE
r-devel-linux-x86_64-debian-gcc 1.2 1.61 184.77 186.38 NOTE
r-devel-linux-x86_64-fedora-clang 1.2 291.69 NOTE
r-devel-linux-x86_64-fedora-gcc 1.2 293.47 NOTE
r-devel-windows-ix86+x86_64 1.2 6.00 242.00 248.00 NOTE
r-devel-windows-x86_64-gcc10-UCRT 1.2 NOTE
r-patched-linux-x86_64 1.2 2.08 239.81 241.89 OK
r-patched-solaris-x86 1.2 348.20 OK
r-release-linux-x86_64 1.2 2.21 239.34 241.55 OK
r-release-macos-x86_64 1.2 OK
r-release-windows-ix86+x86_64 1.2 5.00 308.00 313.00 OK
r-oldrel-macos-x86_64 1.2 OK
r-oldrel-windows-ix86+x86_64 1.2 3.00 283.00 286.00 OK

Check Details

Version: 1.2
Check: LazyData
Result: NOTE
     'LazyData' is specified without a 'data' directory
Flavors: r-devel-linux-x86_64-debian-clang, r-devel-linux-x86_64-debian-gcc, r-devel-linux-x86_64-fedora-clang, r-devel-linux-x86_64-fedora-gcc, r-devel-windows-ix86+x86_64, r-devel-windows-x86_64-gcc10-UCRT