CRAN Package Check Results for Package scraEP

Last updated on 2019-09-22 08:48:26 CEST.

Flavor Version Tinstall Tcheck Ttotal Status Flags
r-devel-linux-x86_64-debian-clang 1.1 3.57 31.84 35.41 OK
r-devel-linux-x86_64-debian-gcc 1.1 2.71 25.46 28.17 OK
r-devel-linux-x86_64-fedora-clang 1.1 43.51 NOTE
r-devel-linux-x86_64-fedora-gcc 1.1 41.52 NOTE
r-devel-windows-ix86+x86_64 1.1 11.00 45.00 56.00 OK
r-patched-linux-x86_64 1.1 3.32 30.64 33.96 OK
r-patched-solaris-x86 1.1 64.40 NOTE
r-release-linux-x86_64 1.1 3.05 30.91 33.96 OK
r-release-windows-ix86+x86_64 1.1 6.00 42.00 48.00 OK
r-release-osx-x86_64 1.1 NOTE
r-oldrel-windows-ix86+x86_64 1.1 4.00 40.00 44.00 OK
r-oldrel-osx-x86_64 1.1 NOTE

Check Details

Version: 1.1
Check: data for non-ASCII characters
Result: NOTE
     Note: found 1 marked UTF-8 string
Flavors: r-devel-linux-x86_64-fedora-clang, r-devel-linux-x86_64-fedora-gcc, r-patched-solaris-x86, r-release-osx-x86_64, r-oldrel-osx-x86_64