CRAN Package Check Results for Package scraEP

Last updated on 2020-02-23 10:49:04 CET.

Flavor Version Tinstall Tcheck Ttotal Status Flags
r-devel-linux-x86_64-debian-clang 1.1 4.08 35.36 39.44 OK
r-devel-linux-x86_64-debian-gcc 1.1 3.45 28.02 31.47 OK
r-devel-linux-x86_64-fedora-clang 1.1 49.40 NOTE
r-devel-linux-x86_64-fedora-gcc 1.1 48.81 NOTE
r-devel-windows-ix86+x86_64 1.1 8.00 46.00 54.00 OK
r-devel-windows-ix86+x86_64-gcc8 1.1 13.00 45.00 58.00 OK
r-patched-linux-x86_64 1.1 OK
r-patched-solaris-x86 1.1 63.80 NOTE
r-release-linux-x86_64 1.1 3.55 30.80 34.35 OK
r-release-windows-ix86+x86_64 1.1 7.00 41.00 48.00 OK
r-release-osx-x86_64 1.1 NOTE
r-oldrel-windows-ix86+x86_64 1.1 6.00 45.00 51.00 OK
r-oldrel-osx-x86_64 1.1 NOTE

Check Details

Version: 1.1
Check: data for non-ASCII characters
Result: NOTE
     Note: found 1 marked UTF-8 string
Flavors: r-devel-linux-x86_64-fedora-clang, r-devel-linux-x86_64-fedora-gcc, r-patched-solaris-x86, r-release-osx-x86_64, r-oldrel-osx-x86_64