CRAN Package Check Results for Package scrime

Last updated on 2022-12-09 16:51:36 CET.

Flavor Version Tinstall Tcheck Ttotal Status Flags
r-devel-linux-x86_64-debian-clang 1.3.5 6.94 64.44 71.38 NOTE
r-devel-linux-x86_64-debian-gcc 1.3.5 4.58 61.51 66.09 NOTE
r-devel-linux-x86_64-fedora-clang 1.3.5 103.61 NOTE
r-devel-linux-x86_64-fedora-gcc 1.3.5 95.84 NOTE
r-devel-windows-x86_64 1.3.5 38.00 137.00 175.00 NOTE
r-patched-linux-x86_64 1.3.5 8.16 59.98 68.14 OK
r-release-linux-x86_64 1.3.5 5.27 59.20 64.47 OK
r-release-macos-arm64 1.3.5 21.00 NOTE
r-release-macos-x86_64 1.3.5 35.00 OK
r-release-windows-x86_64 1.3.5 39.00 95.00 134.00 OK
r-oldrel-macos-arm64 1.3.5 25.00 NOTE
r-oldrel-macos-x86_64 1.3.5 49.00 OK
r-oldrel-windows-ix86+x86_64 1.3.5 13.00 80.00 93.00 OK

Check Details

Version: 1.3.5
Check: Rd files
Result: NOTE
    checkRd: (-1) simulateSNPs.Rd:46: Escaped LaTeX specials: \& \& \&
    checkRd: (-1) simulateSNPs.Rd:80: Escaped LaTeX specials: \& \& \&
Flavors: r-devel-linux-x86_64-debian-clang, r-devel-linux-x86_64-debian-gcc, r-devel-linux-x86_64-fedora-clang, r-devel-linux-x86_64-fedora-gcc, r-devel-windows-x86_64

Version: 1.3.5
Check: package dependencies
Result: NOTE
    Package suggested but not available for checking: ‘oligoClasses’
Flavors: r-release-macos-arm64, r-oldrel-macos-arm64