CRAN Package Check Results for Package scrubr

Last updated on 2021-04-13 04:47:16 CEST.

Flavor Version Tinstall Tcheck Ttotal Status Flags
r-devel-linux-x86_64-debian-clang 0.3.2 9.15 86.84 95.99 OK
r-devel-linux-x86_64-debian-gcc 0.3.2 7.05 65.77 72.82 OK
r-devel-linux-x86_64-fedora-clang 0.3.2 126.91 NOTE
r-devel-linux-x86_64-fedora-gcc 0.3.2 112.75 NOTE
r-devel-windows-ix86+x86_64 0.3.2 20.00 109.00 129.00 OK
r-devel-windows-x86_64-gcc10-UCRT 0.3.2 NOTE
r-patched-linux-x86_64 0.3.2 7.87 78.68 86.55 OK
r-patched-solaris-x86 0.3.2 170.80 NOTE
r-release-linux-x86_64 0.3.2 8.69 78.30 86.99 OK
r-release-macos-x86_64 0.3.2 NOTE
r-release-windows-ix86+x86_64 0.3.2 16.00 112.00 128.00 OK
r-oldrel-macos-x86_64 0.3.2 NOTE
r-oldrel-windows-ix86+x86_64 0.3.2 17.00 71.00 88.00 OK

Check Details

Version: 0.3.2
Check: data for non-ASCII characters
Result: NOTE
     Note: found 57 marked UTF-8 strings
Flavors: r-devel-linux-x86_64-fedora-clang, r-devel-linux-x86_64-fedora-gcc, r-devel-windows-x86_64-gcc10-UCRT, r-patched-solaris-x86, r-release-macos-x86_64, r-oldrel-macos-x86_64