CRAN Package Check Results for Package sdPrior

Last updated on 2022-10-01 18:54:25 CEST.

Flavor Version Tinstall Tcheck Ttotal Status Flags
r-devel-linux-x86_64-debian-clang 1.0-0 12.35 102.50 114.85 NOTE
r-devel-linux-x86_64-debian-gcc 1.0-0 9.40 76.96 86.36 NOTE
r-devel-linux-x86_64-fedora-clang 1.0-0 150.08 NOTE
r-devel-linux-x86_64-fedora-gcc 1.0-0 141.94 NOTE
r-devel-windows-x86_64 1.0-0 23.00 126.00 149.00 NOTE
r-patched-linux-x86_64 1.0-0 11.73 94.99 106.72 NOTE
r-release-linux-x86_64 1.0-0 9.72 95.09 104.81 NOTE
r-release-macos-arm64 1.0-0 36.00 NOTE
r-release-macos-x86_64 1.0-0 57.00 NOTE
r-release-windows-x86_64 1.0-0 22.00 123.00 145.00 NOTE
r-oldrel-macos-arm64 1.0-0 42.00 NOTE
r-oldrel-macos-x86_64 1.0-0 65.00 NOTE
r-oldrel-windows-ix86+x86_64 1.0-0 23.00 122.00 145.00 NOTE

Check Details

Version: 1.0-0
Check: LazyData
Result: NOTE
     'LazyData' is specified without a 'data' directory
Flavors: r-devel-linux-x86_64-debian-clang, r-devel-linux-x86_64-debian-gcc, r-devel-linux-x86_64-fedora-clang, r-devel-linux-x86_64-fedora-gcc, r-devel-windows-x86_64, r-patched-linux-x86_64, r-release-linux-x86_64, r-release-macos-arm64, r-release-macos-x86_64, r-release-windows-x86_64, r-oldrel-macos-arm64, r-oldrel-macos-x86_64, r-oldrel-windows-ix86+x86_64