CRAN Package Check Results for Package sdafilter

Last updated on 2024-07-18 12:51:02 CEST.

Flavor Version Tinstall Tcheck Ttotal Status Flags
r-devel-linux-x86_64-debian-clang 1.0.0 1.71 34.66 36.37 NOTE
r-devel-linux-x86_64-debian-gcc 1.0.0 1.46 25.49 26.95 NOTE
r-devel-linux-x86_64-fedora-clang 1.0.0 45.15 NOTE
r-devel-linux-x86_64-fedora-gcc 1.0.0 42.09 NOTE
r-devel-windows-x86_64 1.0.0 4.00 46.00 50.00 NOTE
r-patched-linux-x86_64 1.0.0 2.06 32.27 34.33 NOTE
r-release-linux-x86_64 1.0.0 2.15 31.97 34.12 NOTE
r-release-macos-arm64 1.0.0 18.00 NOTE
r-release-macos-x86_64 1.0.0 27.00 NOTE
r-release-windows-x86_64 1.0.0 4.00 47.00 51.00 NOTE
r-oldrel-macos-arm64 1.0.0 21.00 NOTE
r-oldrel-macos-x86_64 1.0.0 26.00 NOTE
r-oldrel-windows-x86_64 1.0.0 4.00 50.00 54.00 NOTE

Check Details

Version: 1.0.0
Check: LazyData
Result: NOTE 'LazyData' is specified without a 'data' directory Flavors: r-devel-linux-x86_64-debian-clang, r-devel-linux-x86_64-debian-gcc, r-devel-linux-x86_64-fedora-clang, r-devel-linux-x86_64-fedora-gcc, r-devel-windows-x86_64, r-patched-linux-x86_64, r-release-linux-x86_64, r-release-macos-arm64, r-release-macos-x86_64, r-release-windows-x86_64, r-oldrel-macos-arm64, r-oldrel-macos-x86_64, r-oldrel-windows-x86_64