Last updated on 2023-06-01 00:59:52 CEST.
Flavor | Version | Tinstall | Tcheck | Ttotal | Status | Flags |
---|---|---|---|---|---|---|
r-devel-linux-x86_64-debian-clang | 1.1.4 | 9.49 | 376.19 | 385.68 | OK | |
r-devel-linux-x86_64-debian-gcc | 1.1.4 | 9.31 | 289.89 | 299.20 | OK | |
r-devel-linux-x86_64-fedora-clang | 1.1.4 | 473.63 | NOTE | |||
r-devel-linux-x86_64-fedora-gcc | 1.1.4 | 465.97 | OK | |||
r-devel-windows-x86_64 | 1.1.4 | 8.00 | 341.00 | 349.00 | OK | |
r-patched-linux-x86_64 | 1.1.4 | OK | ||||
r-release-linux-x86_64 | 1.1.4 | 10.21 | 363.34 | 373.55 | OK | |
r-release-macos-arm64 | 1.1.4 | 199.00 | OK | |||
r-release-macos-x86_64 | 1.1.4 | 283.00 | OK | |||
r-release-windows-x86_64 | 1.1.4 | 9.00 | 423.00 | 432.00 | OK | |
r-oldrel-macos-arm64 | 1.1.4 | 179.00 | OK | |||
r-oldrel-macos-x86_64 | 1.1.4 | 204.00 | OK | |||
r-oldrel-windows-x86_64 | 1.1.4 | 12.00 | 454.00 | 466.00 | OK |
Version: 1.1.4
Check: Rd cross-references
Result: NOTE
Undeclared package ‘tibble’ in Rd xrefs
Flavor: r-devel-linux-x86_64-fedora-clang